Last updated on 2022-08-15 02:53:36 CEST.
Flavor | Version | Tinstall | Tcheck | Ttotal | Status | Flags |
---|---|---|---|---|---|---|
r-devel-linux-x86_64-debian-clang | 2.7-1 | 193.98 | 185.27 | 379.25 | NOTE | |
r-devel-linux-x86_64-debian-gcc | 2.7-1 | 159.32 | 139.72 | 299.04 | NOTE | |
r-devel-linux-x86_64-fedora-clang | 2.7-1 | 724.69 | NOTE | |||
r-devel-linux-x86_64-fedora-gcc | 2.7-1 | 691.62 | OK | |||
r-devel-windows-x86_64 | 2.7-1 | 172.00 | 249.00 | 421.00 | NOTE | |
r-patched-linux-x86_64 | 2.7-1 | 165.32 | 179.88 | 345.20 | NOTE | |
r-release-linux-x86_64 | 2.7-1 | 177.28 | 177.50 | 354.78 | NOTE | |
r-release-macos-arm64 | 2.7-1 | 124.00 | NOTE | |||
r-release-macos-x86_64 | 2.7-1 | 173.00 | NOTE | |||
r-release-windows-x86_64 | 2.7-1 | 181.00 | 246.00 | 427.00 | NOTE | |
r-oldrel-macos-arm64 | 2.7-1 | 134.00 | NOTE | |||
r-oldrel-macos-x86_64 | 2.7-1 | 155.00 | NOTE | |||
r-oldrel-windows-ix86+x86_64 | 2.7-1 | 496.00 | 356.00 | 852.00 | NOTE |
Version: 2.7-1
Check: package dependencies
Result: NOTE
Package suggested but not available for checking: 'INLA'
Flavors: r-devel-linux-x86_64-debian-clang, r-devel-linux-x86_64-debian-gcc, r-devel-windows-x86_64, r-patched-linux-x86_64, r-release-linux-x86_64, r-release-macos-arm64, r-release-macos-x86_64, r-release-windows-x86_64, r-oldrel-macos-arm64, r-oldrel-macos-x86_64
Version: 2.7-1
Check: installed package size
Result: NOTE
installed size is 7.6Mb
sub-directories of 1Mb or more:
libs 4.6Mb
Flavors: r-devel-linux-x86_64-fedora-clang, r-release-macos-arm64, r-release-macos-x86_64, r-oldrel-macos-arm64, r-oldrel-macos-x86_64, r-oldrel-windows-ix86+x86_64