Last updated on 2023-03-22 05:52:19 CET.
Flavor | Version | Tinstall | Tcheck | Ttotal | Status | Flags |
---|---|---|---|---|---|---|
r-devel-linux-x86_64-debian-clang | 2.7-3 | 204.35 | 192.70 | 397.05 | NOTE | |
r-devel-linux-x86_64-debian-gcc | 2.7-3 | 160.45 | 147.71 | 308.16 | NOTE | |
r-devel-linux-x86_64-fedora-clang | 2.7-3 | 755.16 | OK | |||
r-devel-linux-x86_64-fedora-gcc | 2.7-3 | 708.06 | OK | |||
r-devel-windows-x86_64 | 2.7-3 | 203.00 | 272.00 | 475.00 | NOTE | |
r-patched-linux-x86_64 | 2.7-3 | 170.25 | 177.38 | 347.63 | NOTE | |
r-release-linux-x86_64 | 2.7-3 | 169.95 | 179.37 | 349.32 | NOTE | |
r-release-macos-arm64 | 2.7-3 | 99.00 | NOTE | |||
r-release-macos-x86_64 | 2.7-3 | 160.00 | NOTE | |||
r-release-windows-x86_64 | 2.7-3 | 309.00 | 256.00 | 565.00 | NOTE | |
r-oldrel-macos-arm64 | 2.7-3 | 106.00 | NOTE | |||
r-oldrel-macos-x86_64 | 2.7-3 | 159.00 | NOTE | |||
r-oldrel-windows-ix86+x86_64 | 2.7-3 | 500.00 | 352.00 | 852.00 | NOTE |
Version: 2.7-3
Check: package dependencies
Result: NOTE
Package suggested but not available for checking: ‘INLA’
Flavors: r-devel-linux-x86_64-debian-clang, r-devel-linux-x86_64-debian-gcc, r-devel-windows-x86_64, r-patched-linux-x86_64, r-release-linux-x86_64, r-release-macos-arm64, r-release-macos-x86_64, r-release-windows-x86_64, r-oldrel-macos-arm64, r-oldrel-macos-x86_64
Version: 2.7-3
Check: installed package size
Result: NOTE
installed size is 11.5Mb
sub-directories of 1Mb or more:
libs 8.5Mb
Flavors: r-release-macos-arm64, r-release-macos-x86_64, r-oldrel-macos-arm64, r-oldrel-macos-x86_64, r-oldrel-windows-ix86+x86_64