CRAN Package Check Results for Package abstractr

Last updated on 2022-09-29 01:50:38 CEST.

Flavor Version Tinstall Tcheck Ttotal Status Flags
r-devel-linux-x86_64-debian-clang 0.1.0 6.54 73.58 80.12 NOTE
r-devel-linux-x86_64-debian-gcc 0.1.0 5.53 54.62 60.15 NOTE
r-devel-linux-x86_64-fedora-clang 0.1.0 111.54 NOTE
r-devel-linux-x86_64-fedora-gcc 0.1.0 108.89 NOTE
r-devel-windows-x86_64 0.1.0 14.00 109.00 123.00 NOTE
r-patched-linux-x86_64 0.1.0 4.38 68.81 73.19 NOTE
r-release-linux-x86_64 0.1.0 5.98 67.47 73.45 NOTE
r-release-macos-arm64 0.1.0 33.00 NOTE
r-release-macos-x86_64 0.1.0 54.00 NOTE
r-release-windows-x86_64 0.1.0 13.00 109.00 122.00 NOTE
r-oldrel-macos-arm64 0.1.0 35.00 NOTE
r-oldrel-macos-x86_64 0.1.0 61.00 NOTE
r-oldrel-windows-ix86+x86_64 0.1.0 20.00 98.00 118.00 NOTE

Check Details

Version: 0.1.0
Check: LazyData
Result: NOTE
     'LazyData' is specified without a 'data' directory
Flavors: r-devel-linux-x86_64-debian-clang, r-devel-linux-x86_64-debian-gcc, r-devel-linux-x86_64-fedora-clang, r-devel-linux-x86_64-fedora-gcc, r-devel-windows-x86_64, r-patched-linux-x86_64, r-release-linux-x86_64, r-release-macos-arm64, r-release-macos-x86_64, r-release-windows-x86_64, r-oldrel-macos-arm64, r-oldrel-macos-x86_64, r-oldrel-windows-ix86+x86_64