CRAN Package Check Results for Package accelmissing

Last updated on 2021-09-26 01:49:44 CEST.

Flavor Version Tinstall Tcheck Ttotal Status Flags
r-devel-linux-x86_64-debian-clang 1.4 7.19 73.86 81.05 NOTE
r-devel-linux-x86_64-debian-gcc 1.4 5.74 55.63 61.37 NOTE
r-devel-linux-x86_64-fedora-clang 1.4 106.68 NOTE
r-devel-linux-x86_64-fedora-gcc 1.4 92.02 NOTE
r-devel-windows-x86_64 1.4 10.00 69.00 79.00 OK
r-devel-windows-x86_64-gcc10-UCRT 1.4 OK
r-patched-linux-x86_64 1.4 12.25 69.13 81.38 NOTE
r-patched-solaris-x86 1.4 132.90 NOTE
r-release-linux-x86_64 1.4 5.79 69.64 75.43 NOTE
r-release-macos-arm64 1.4 OK
r-release-macos-x86_64 1.4 OK
r-release-windows-ix86+x86_64 1.4 16.00 95.00 111.00 OK
r-oldrel-macos-x86_64 1.4 OK
r-oldrel-windows-ix86+x86_64 1.4 13.00 75.00 88.00 OK

Check Details

Version: 1.4
Check: for non-standard things in the check directory
Result: NOTE
    Found the following files/directories:
     'acceldata2.RData'
Flavors: r-devel-linux-x86_64-debian-clang, r-devel-linux-x86_64-debian-gcc, r-devel-linux-x86_64-fedora-clang, r-devel-linux-x86_64-fedora-gcc, r-patched-linux-x86_64, r-patched-solaris-x86, r-release-linux-x86_64