Last updated on 2023-02-03 00:50:50 CET.
Flavor | Version | Tinstall | Tcheck | Ttotal | Status | Flags |
---|---|---|---|---|---|---|
r-devel-linux-x86_64-debian-clang | 1.0.1 | 4.60 | 29.39 | 33.99 | NOTE | |
r-devel-linux-x86_64-debian-gcc | 1.0.1 | 2.50 | 23.05 | 25.55 | NOTE | |
r-devel-linux-x86_64-fedora-clang | 1.0.1 | 42.51 | NOTE | |||
r-devel-linux-x86_64-fedora-gcc | 1.0.1 | 40.44 | NOTE | |||
r-devel-windows-x86_64 | 1.0.1 | 29.00 | 66.00 | 95.00 | NOTE | |
r-patched-linux-x86_64 | 1.0.1 | 3.75 | 29.26 | 33.01 | NOTE | |
r-release-linux-x86_64 | 1.0.1 | 4.67 | 29.88 | 34.55 | NOTE | |
r-release-macos-arm64 | 1.0.1 | 18.00 | NOTE | |||
r-release-macos-x86_64 | 1.0.1 | 25.00 | NOTE | |||
r-release-windows-x86_64 | 1.0.1 | 26.00 | 64.00 | 90.00 | NOTE | |
r-oldrel-macos-arm64 | 1.0.1 | 22.00 | NOTE | |||
r-oldrel-macos-x86_64 | 1.0.1 | 31.00 | NOTE | |||
r-oldrel-windows-ix86+x86_64 | 1.0.1 | 10.00 | 53.00 | 63.00 | NOTE |
Version: 1.0.1
Check: LazyData
Result: NOTE
'LazyData' is specified without a 'data' directory
Flavors: r-devel-linux-x86_64-debian-clang, r-devel-linux-x86_64-debian-gcc, r-devel-linux-x86_64-fedora-clang, r-devel-linux-x86_64-fedora-gcc, r-devel-windows-x86_64, r-patched-linux-x86_64, r-release-linux-x86_64, r-release-macos-arm64, r-release-macos-x86_64, r-release-windows-x86_64, r-oldrel-macos-arm64, r-oldrel-macos-x86_64, r-oldrel-windows-ix86+x86_64
Version: 1.0.1
Check: installed package size
Result: NOTE
installed size is 11.8Mb
sub-directories of 1Mb or more:
htmlwidgets 11.6Mb
Flavors: r-devel-linux-x86_64-fedora-clang, r-devel-windows-x86_64, r-release-macos-arm64, r-release-macos-x86_64, r-release-windows-x86_64, r-oldrel-macos-arm64, r-oldrel-macos-x86_64, r-oldrel-windows-ix86+x86_64