CRAN Package Check Results for Package acs

Last updated on 2023-01-30 01:53:25 CET.

Flavor Version Tinstall Tcheck Ttotal Status Flags
r-devel-linux-x86_64-debian-clang 2.1.4 13.15 63.27 76.42 OK
r-devel-linux-x86_64-debian-gcc 2.1.4 9.13 48.86 57.99 OK
r-devel-linux-x86_64-fedora-clang 2.1.4 102.66 NOTE
r-devel-linux-x86_64-fedora-gcc 2.1.4 92.72 NOTE
r-devel-windows-x86_64 2.1.4 63.00 103.00 166.00 OK
r-patched-linux-x86_64 2.1.4 13.01 61.79 74.80 OK
r-release-linux-x86_64 2.1.4 10.96 61.95 72.91 OK
r-release-macos-arm64 2.1.4 28.00 OK
r-release-macos-x86_64 2.1.4 37.00 OK
r-release-windows-x86_64 2.1.4 46.00 103.00 149.00 OK
r-oldrel-macos-arm64 2.1.4 33.00 OK
r-oldrel-macos-x86_64 2.1.4 52.00 OK
r-oldrel-windows-ix86+x86_64 2.1.4 23.00 93.00 116.00 OK

Check Details

Version: 2.1.4
Check: top-level files
Result: NOTE
    ‘configure’: /bin/bash is not portable
Flavors: r-devel-linux-x86_64-fedora-clang, r-devel-linux-x86_64-fedora-gcc