CRAN Package Check Results for Package actuar

Last updated on 2021-07-28 01:48:37 CEST.

Flavor Version Tinstall Tcheck Ttotal Status Flags
r-devel-linux-x86_64-debian-clang 3.1-4 21.40 176.96 198.36 OK
r-devel-linux-x86_64-debian-gcc 3.1-4 15.48 128.43 143.91 OK
r-devel-linux-x86_64-fedora-clang 3.1-4 240.51 OK
r-devel-linux-x86_64-fedora-gcc 3.1-4 230.50 OK
r-devel-windows-x86_64 3.1-4 46.00 196.00 242.00 OK
r-devel-windows-x86_64-gcc10-UCRT 3.1-4 OK
r-patched-linux-x86_64 3.1-4 20.61 170.89 191.50 OK
r-patched-solaris-x86 3.1-4 287.00 OK
r-release-linux-x86_64 3.1-4 18.05 172.50 190.55 OK
r-release-macos-arm64 3.1-4 OK
r-release-macos-x86_64 3.1-4 OK
r-release-windows-ix86+x86_64 3.1-4 78.00 239.00 317.00 OK
r-oldrel-macos-x86_64 3.1-2 OK
r-oldrel-windows-ix86+x86_64 3.1-3 18.00 8.00 26.00 ERROR

Check Details

Version: 3.1-3
Check: whether package can be installed
Result: ERROR
    Installation failed.
Flavor: r-oldrel-windows-ix86+x86_64