CRAN Package Check Results for Package actuaryr

Last updated on 2024-03-04 07:48:21 CET.

Flavor Version Tinstall Tcheck Ttotal Status Flags
r-devel-linux-x86_64-debian-clang 1.1.1 2.93 35.07 38.00 NOTE
r-devel-linux-x86_64-debian-gcc 1.1.1 1.85 26.63 28.48 NOTE
r-devel-linux-x86_64-fedora-clang 1.1.1 46.73 NOTE
r-devel-linux-x86_64-fedora-gcc 1.1.1 56.70 NOTE
r-devel-windows-x86_64 1.1.1 4.00 52.00 56.00 NOTE
r-patched-linux-x86_64 1.1.1 3.38 33.45 36.83 NOTE
r-release-linux-x86_64 1.1.1 1.98 33.24 35.22 NOTE
r-release-macos-arm64 1.1.1 26.00 NOTE
r-release-macos-x86_64 1.1.1 36.00 NOTE
r-release-windows-x86_64 1.1.1 6.00 56.00 62.00 NOTE
r-oldrel-macos-arm64 1.1.1 20.00 NOTE
r-oldrel-windows-x86_64 1.1.1 5.00 58.00 63.00 NOTE

Check Details

Version: 1.1.1
Check: LazyData
Result: NOTE 'LazyData' is specified without a 'data' directory Flavors: r-devel-linux-x86_64-debian-clang, r-devel-linux-x86_64-debian-gcc, r-devel-linux-x86_64-fedora-clang, r-devel-linux-x86_64-fedora-gcc, r-devel-windows-x86_64, r-patched-linux-x86_64, r-release-linux-x86_64, r-release-macos-arm64, r-release-macos-x86_64, r-release-windows-x86_64, r-oldrel-macos-arm64, r-oldrel-windows-x86_64