CRAN Package Check Results for Package adamethods

Last updated on 2020-02-29 01:51:01 CET.

Flavor Version Tinstall Tcheck Ttotal Status Flags
r-devel-linux-x86_64-debian-clang 1.2 16.42 130.33 146.75 OK
r-devel-linux-x86_64-debian-gcc 1.2 15.13 100.74 115.87 OK
r-devel-linux-x86_64-fedora-clang 1.2 172.81 OK
r-devel-linux-x86_64-fedora-gcc 1.2 179.10 OK
r-devel-windows-ix86+x86_64 1.2 62.00 202.00 264.00 OK
r-devel-windows-ix86+x86_64-gcc8 1.2 47.00 148.00 195.00 OK
r-patched-linux-x86_64 1.2 17.66 113.50 131.16 OK
r-patched-solaris-x86 1.2 235.00 OK
r-release-linux-x86_64 1.2 15.46 114.66 130.12 OK
r-release-windows-ix86+x86_64 1.2 33.00 220.00 253.00 OK
r-release-osx-x86_64 1.2 WARN
r-oldrel-windows-ix86+x86_64 1.2 20.00 121.00 141.00 OK
r-oldrel-osx-x86_64 1.2 WARN

Check Details

Version: 1.2
Check: whether package can be installed
Result: WARN
    Found the following significant warnings:
     Warning: 'rgl_init' failed, running with rgl.useNULL = TRUE
Flavors: r-release-osx-x86_64, r-oldrel-osx-x86_64