CRAN Package Check Results for Package adapr

Last updated on 2020-09-29 01:48:21 CEST.

Flavor Version Tinstall Tcheck Ttotal Status Flags
r-devel-linux-x86_64-debian-clang 2.0.0 10.01 53.15 63.16 WARN
r-devel-linux-x86_64-debian-gcc 2.0.0 7.52 40.26 47.78 WARN
r-devel-linux-x86_64-fedora-clang 2.0.0 88.04 WARN
r-devel-linux-x86_64-fedora-gcc 2.0.0 72.01 WARN
r-devel-windows-ix86+x86_64 2.0.0 20.00 77.00 97.00 WARN
r-patched-linux-x86_64 2.0.0 8.38 50.56 58.94 NOTE
r-patched-solaris-x86 2.0.0 92.90 NOTE
r-release-linux-x86_64 2.0.0 10.39 50.61 61.00 NOTE
r-release-macos-x86_64 2.0.0 NOTE
r-release-windows-ix86+x86_64 2.0.0 19.00 77.00 96.00 NOTE
r-oldrel-macos-x86_64 2.0.0 NOTE
r-oldrel-windows-ix86+x86_64 2.0.0 13.00 81.00 94.00 NOTE

Check Details

Version: 2.0.0
Check: dependencies in R code
Result: WARN
    Missing or unexported object: 'devtools::clean_source'
Flavors: r-devel-linux-x86_64-debian-clang, r-devel-linux-x86_64-debian-gcc, r-devel-windows-ix86+x86_64

Version: 2.0.0
Check: dependencies in R code
Result: WARN
    Namespaces in Imports field not imported from:
     ‘plotly’ ‘shinydashboard’
     All declared Imports should be used.
    Missing or unexported object: ‘devtools::clean_source’
Flavors: r-devel-linux-x86_64-fedora-clang, r-devel-linux-x86_64-fedora-gcc

Version: 2.0.0
Check: dependencies in R code
Result: NOTE
    Missing or unexported object: ‘devtools::clean_source’
Flavors: r-patched-linux-x86_64, r-release-linux-x86_64, r-release-windows-ix86+x86_64, r-oldrel-windows-ix86+x86_64

Version: 2.0.0
Check: dependencies in R code
Result: NOTE
    Namespaces in Imports field not imported from:
     ‘plotly’ ‘shinydashboard’
     All declared Imports should be used.
    Missing or unexported object: ‘devtools::clean_source’
Flavors: r-patched-solaris-x86, r-release-macos-x86_64, r-oldrel-macos-x86_64