Last updated on 2023-06-09 07:55:40 CEST.
Flavor | Version | Tinstall | Tcheck | Ttotal | Status | Flags |
---|---|---|---|---|---|---|
r-devel-linux-x86_64-debian-clang | 1.4 | 6.75 | 70.21 | 76.96 | NOTE | |
r-devel-linux-x86_64-debian-gcc | 1.4 | 6.18 | 55.29 | 61.47 | NOTE | |
r-devel-linux-x86_64-fedora-clang | 1.4 | 96.37 | NOTE | |||
r-devel-linux-x86_64-fedora-gcc | 1.4 | 93.79 | NOTE | |||
r-devel-windows-x86_64 | 1.4 | 7.00 | 73.00 | 80.00 | NOTE | |
r-patched-linux-x86_64 | 1.4 | 6.72 | 67.49 | 74.21 | NOTE | |
r-release-linux-x86_64 | 1.4 | 7.91 | 67.47 | 75.38 | NOTE | |
r-release-macos-arm64 | 1.4 | 37.00 | NOTE | |||
r-release-macos-x86_64 | 1.4 | 58.00 | NOTE | |||
r-release-windows-x86_64 | 1.4 | 10.00 | 78.00 | 88.00 | OK | |
r-oldrel-macos-arm64 | 1.4 | 30.00 | OK | |||
r-oldrel-macos-x86_64 | 1.4 | 43.00 | OK | |||
r-oldrel-windows-x86_64 | 1.4 | 9.00 | 83.00 | 92.00 | OK |
Version: 1.4
Check: Rd cross-references
Result: NOTE
Unknown packages ‘HI’, ‘MHadaptive’ in Rd xrefs
Flavors: r-devel-linux-x86_64-debian-clang, r-devel-linux-x86_64-debian-gcc, r-devel-linux-x86_64-fedora-gcc, r-devel-windows-x86_64, r-patched-linux-x86_64, r-release-linux-x86_64, r-release-macos-arm64, r-release-macos-x86_64
Version: 1.4
Check: Rd cross-references
Result: NOTE
Undeclared packages ‘HI’, ‘MHadaptive’ in Rd xrefs
Unknown packages ‘HI’, ‘MHadaptive’ in Rd xrefs
Flavor: r-devel-linux-x86_64-fedora-clang