CRAN Package Check Results for Package adaptMCMC

Last updated on 2022-12-06 00:51:04 CET.

Flavor Version Tinstall Tcheck Ttotal Status Flags
r-devel-linux-x86_64-debian-clang 1.4 6.49 70.91 77.40 NOTE
r-devel-linux-x86_64-debian-gcc 1.4 5.52 56.14 61.66 NOTE
r-devel-linux-x86_64-fedora-clang 1.4 107.10 NOTE
r-devel-linux-x86_64-fedora-gcc 1.4 105.77 NOTE
r-devel-windows-x86_64 1.4 10.00 92.00 102.00 OK
r-patched-linux-x86_64 1.4 7.02 68.85 75.87 NOTE
r-release-linux-x86_64 1.4 7.43 69.31 76.74 NOTE
r-release-macos-arm64 1.4 29.00 OK
r-release-macos-x86_64 1.4 43.00 OK
r-release-windows-x86_64 1.4 12.00 95.00 107.00 OK
r-oldrel-macos-arm64 1.4 36.00 OK
r-oldrel-macos-x86_64 1.4 52.00 OK
r-oldrel-windows-ix86+x86_64 1.4 17.00 92.00 109.00 OK

Check Details

Version: 1.4
Check: Rd cross-references
Result: NOTE
    Unknown packages 'HI', 'MHadaptive' in Rd xrefs
Flavors: r-devel-linux-x86_64-debian-clang, r-devel-linux-x86_64-debian-gcc, r-devel-linux-x86_64-fedora-gcc, r-patched-linux-x86_64, r-release-linux-x86_64

Version: 1.4
Check: Rd cross-references
Result: NOTE
    Undeclared packages ‘HI’, ‘MHadaptive’ in Rd xrefs
    Unknown packages ‘HI’, ‘MHadaptive’ in Rd xrefs
Flavor: r-devel-linux-x86_64-fedora-clang