CRAN Package Check Results for Package ade4

Last updated on 2020-08-09 01:48:19 CEST.

Flavor Version Tinstall Tcheck Ttotal Status Flags
r-devel-linux-x86_64-debian-clang 1.7-15 45.80 319.40 365.20 OK
r-devel-linux-x86_64-debian-gcc 1.7-15 38.03 233.24 271.27 OK
r-devel-linux-x86_64-fedora-clang 1.7-15 429.97 NOTE
r-devel-linux-x86_64-fedora-gcc 1.7-15 424.83 NOTE
r-devel-windows-ix86+x86_64 1.7-15 90.00 682.00 772.00 NOTE
r-patched-linux-x86_64 1.7-15 43.76 314.36 358.12 OK
r-patched-solaris-x86 1.7-15 538.20 NOTE
r-release-linux-x86_64 1.7-15 46.88 313.05 359.93 OK
r-release-macos-x86_64 1.7-15 NOTE
r-release-windows-ix86+x86_64 1.7-15 95.00 696.00 791.00 NOTE
r-oldrel-macos-x86_64 1.7-15 NOTE
r-oldrel-windows-ix86+x86_64 1.7-15 66.00 452.00 518.00 NOTE

Check Details

Version: 1.7-15
Check: installed package size
Result: NOTE
     installed size is 7.8Mb
     sub-directories of 1Mb or more:
     R 1.4Mb
     data 2.8Mb
     pictures 2.1Mb
Flavors: r-devel-linux-x86_64-fedora-clang, r-devel-windows-ix86+x86_64, r-patched-solaris-x86, r-release-macos-x86_64, r-release-windows-ix86+x86_64, r-oldrel-macos-x86_64, r-oldrel-windows-ix86+x86_64

Version: 1.7-15
Check: dependencies in R code
Result: NOTE
    Namespace in Imports field not imported from: ‘sp’
     All declared Imports should be used.
Flavors: r-devel-linux-x86_64-fedora-clang, r-devel-linux-x86_64-fedora-gcc, r-patched-solaris-x86, r-release-macos-x86_64

Version: 1.7-15
Check: dependencies in R code
Result: NOTE
    No protocol specified
    No protocol specified
    No protocol specified
    No protocol specified
    Namespace in Imports field not imported from: ‘sp’
     All declared Imports should be used.
Flavor: r-oldrel-macos-x86_64