CRAN Package Check Results for Package adegraphics

Last updated on 2020-02-20 00:54:05 CET.

Flavor Version Tinstall Tcheck Ttotal Status Flags
r-devel-linux-x86_64-debian-clang 1.0-15 29.34 346.72 376.06 OK
r-devel-linux-x86_64-debian-gcc 1.0-15 28.18 254.53 282.71 OK
r-devel-linux-x86_64-fedora-clang 1.0-15 430.13 OK
r-devel-linux-x86_64-fedora-gcc 1.0-15 437.55 OK
r-devel-windows-ix86+x86_64 1.0-15 37.00 319.00 356.00 OK
r-devel-windows-ix86+x86_64-gcc8 1.0-15 56.00 439.00 495.00 OK
r-patched-linux-x86_64 1.0-15 29.38 300.94 330.32 OK
r-patched-solaris-x86 1.0-15 523.60 NOTE
r-release-linux-x86_64 1.0-15 27.37 300.17 327.54 OK
r-release-windows-ix86+x86_64 1.0-15 40.00 304.00 344.00 OK
r-release-osx-x86_64 1.0-15 OK
r-oldrel-windows-ix86+x86_64 1.0-15 33.00 299.00 332.00 OK
r-oldrel-osx-x86_64 1.0-15 OK

Check Details

Version: 1.0-15
Check: installed package size
Result: NOTE
     installed size is 5.1Mb
     sub-directories of 1Mb or more:
     R 1.5Mb
     doc 3.0Mb
Flavor: r-patched-solaris-x86