CRAN Package Check Results for Package adegraphics

Last updated on 2022-11-27 00:55:36 CET.

Flavor Version Tinstall Tcheck Ttotal Status Flags
r-devel-linux-x86_64-debian-clang 1.0-16 36.08 387.77 423.85 OK
r-devel-linux-x86_64-debian-gcc 1.0-16 25.07 284.43 309.50 OK
r-devel-linux-x86_64-fedora-clang 1.0-16 514.14 OK
r-devel-linux-x86_64-fedora-gcc 1.0-16 504.17 OK
r-devel-windows-x86_64 1.0-16 141.00 456.00 597.00 OK
r-patched-linux-x86_64 1.0-16 OK
r-release-linux-x86_64 1.0-16 32.01 361.57 393.58 OK
r-release-macos-arm64 1.0-16 142.00 NOTE
r-release-macos-x86_64 1.0-16 188.00 OK
r-release-windows-x86_64 1.0-16 182.00 444.00 626.00 OK
r-oldrel-macos-arm64 1.0-16 124.00 NOTE
r-oldrel-macos-x86_64 1.0-16 170.00 OK
r-oldrel-windows-ix86+x86_64 1.0-16 56.00 400.00 456.00 OK

Check Details

Version: 1.0-16
Check: installed package size
Result: NOTE
     installed size is 5.5Mb
     sub-directories of 1Mb or more:
     R 2.0Mb
     doc 2.8Mb
Flavors: r-release-macos-arm64, r-oldrel-macos-arm64