CRAN Package Check Results for Package adepro

Last updated on 2020-04-09 01:53:04 CEST.

Flavor Version Tinstall Tcheck Ttotal Status Flags
r-devel-linux-x86_64-debian-clang 3.0.0 12.02 97.31 109.33 OK
r-devel-linux-x86_64-debian-gcc 3.0.0 10.10 74.26 84.36 OK
r-devel-linux-x86_64-fedora-clang 3.0.0 115.91 NOTE
r-devel-linux-x86_64-fedora-gcc 3.0.0 107.97 NOTE
r-devel-windows-ix86+x86_64 3.0.0 22.00 129.00 151.00 OK
r-devel-windows-ix86+x86_64-gcc8 3.0.0 25.00 94.00 119.00 OK
r-patched-linux-x86_64 3.0.0 10.54 94.58 105.12 OK
r-patched-solaris-x86 3.0.0 161.10 NOTE
r-release-linux-x86_64 3.0.0 9.00 87.95 96.95 OK
r-release-windows-ix86+x86_64 3.0.0 36.00 197.00 233.00 OK
r-release-osx-x86_64 3.0.0 NOTE
r-oldrel-windows-ix86+x86_64 3.0.0 24.00 140.00 164.00 OK
r-oldrel-osx-x86_64 2.0.0 OK

Check Details

Version: 3.0.0
Check: dependencies in R code
Result: NOTE
    Namespace in Imports field not imported from: ‘jsonlite’
     All declared Imports should be used.
Flavors: r-devel-linux-x86_64-fedora-clang, r-devel-linux-x86_64-fedora-gcc, r-patched-solaris-x86, r-release-osx-x86_64