CRAN Package Check Results for Package adiv

Last updated on 2020-09-19 00:49:59 CEST.

Flavor Version Tinstall Tcheck Ttotal Status Flags
r-devel-linux-x86_64-debian-clang 2.0.1 41.07 339.10 380.17 OK
r-devel-linux-x86_64-debian-gcc 2.0.1 34.62 254.92 289.54 OK
r-devel-linux-x86_64-fedora-clang 2.0.1 500.50 OK
r-devel-linux-x86_64-fedora-gcc 2.0.1 482.10 OK
r-devel-windows-ix86+x86_64 2.0.1 83.00 419.00 502.00 OK
r-patched-linux-x86_64 2.0.1 36.16 333.47 369.63 OK
r-patched-solaris-x86 2.0.1 634.30 OK
r-release-linux-x86_64 2.0.1 37.34 333.76 371.10 OK
r-release-macos-x86_64 2.0.1 OK
r-release-windows-ix86+x86_64 2.0.1 81.00 355.00 436.00 OK
r-oldrel-macos-x86_64 2.0.1 WARN
r-oldrel-windows-ix86+x86_64 2.0.1 71.00 390.00 461.00 OK

Check Details

Version: 2.0.1
Check: whether package can be installed
Result: WARN
    Found the following significant warnings:
     Warning: 'rgl.init' failed, running with 'rgl.useNULL = TRUE'.
Flavor: r-oldrel-macos-x86_64