CRAN Package Check Results for Package adjclust

Last updated on 2021-05-07 01:48:32 CEST.

Flavor Version Tinstall Tcheck Ttotal Status Flags
r-devel-linux-x86_64-debian-clang 0.5.99 10.05 143.61 153.66 OK
r-devel-linux-x86_64-debian-gcc 0.5.99 7.04 108.83 115.87 OK
r-devel-linux-x86_64-fedora-clang 0.5.99 206.08 OK
r-devel-linux-x86_64-fedora-gcc 0.5.99 191.46 OK
r-devel-windows-ix86+x86_64 0.5.99 20.00 238.00 258.00 OK
r-devel-windows-x86_64-gcc10-UCRT 0.5.99 NOTE
r-patched-linux-x86_64 0.5.99 8.36 139.74 148.10 OK
r-patched-solaris-x86 0.5.99 278.70 OK
r-release-linux-x86_64 0.5.99 8.42 133.35 141.77 OK
r-release-macos-x86_64 0.5.99 NOTE
r-release-windows-ix86+x86_64 0.5.99 17.00 172.00 189.00 OK
r-oldrel-macos-x86_64 0.5.99 NOTE
r-oldrel-windows-ix86+x86_64 0.5.99 17.00 227.00 244.00 OK

Check Details

Version: 0.5.99
Check: package dependencies
Result: NOTE
    Package suggested but not available for checking: 'HiTC'
Flavors: r-devel-windows-x86_64-gcc10-UCRT, r-release-macos-x86_64, r-oldrel-macos-x86_64