CRAN Package Check Results for Package adjustedcranlogs

Last updated on 2021-06-22 01:49:06 CEST.

Flavor Version Tinstall Tcheck Ttotal Status Flags
r-devel-linux-x86_64-debian-clang 0.1.0 4.41 42.50 46.91 NOTE
r-devel-linux-x86_64-debian-gcc 0.1.0 3.35 31.96 35.31 NOTE
r-devel-linux-x86_64-fedora-clang 0.1.0 65.99 NOTE
r-devel-linux-x86_64-fedora-gcc 0.1.0 52.60 NOTE
r-devel-windows-x86_64 0.1.0 8.00 55.00 63.00 NOTE
r-devel-windows-x86_64-gcc10-UCRT 0.1.0 ERROR
r-patched-linux-x86_64 0.1.0 4.02 39.03 43.05 NOTE
r-patched-solaris-x86 0.1.0 78.50 NOTE
r-release-linux-x86_64 0.1.0 4.13 39.15 43.28 NOTE
r-release-macos-arm64 0.1.0 NOTE
r-release-macos-x86_64 0.1.0 NOTE
r-release-windows-ix86+x86_64 0.1.0 11.00 57.00 68.00 NOTE
r-oldrel-macos-x86_64 0.1.0 OK

Check Details

Version: 0.1.0
Check: LazyData
Result: NOTE
     'LazyData' is specified without a 'data' directory
Flavors: r-devel-linux-x86_64-debian-clang, r-devel-linux-x86_64-debian-gcc, r-devel-linux-x86_64-fedora-clang, r-devel-linux-x86_64-fedora-gcc, r-devel-windows-x86_64, r-patched-linux-x86_64, r-patched-solaris-x86, r-release-linux-x86_64, r-release-macos-arm64, r-release-macos-x86_64, r-release-windows-ix86+x86_64

Version: 0.1.0
Check: package dependencies
Result: ERROR
    Packages required but not available: 'cranlogs', 'rvest'
    
    See section 'The DESCRIPTION file' in the 'Writing R Extensions'
    manual.
Flavor: r-devel-windows-x86_64-gcc10-UCRT