CRAN Package Check Results for Package adoptr

Last updated on 2020-09-22 02:17:13 CEST.

Flavor Version Tinstall Tcheck Ttotal Status Flags
r-devel-linux-x86_64-debian-clang 0.3.2 5.89 113.67 119.56 OK
r-devel-linux-x86_64-debian-gcc 0.3.2 5.11 87.27 92.38 ERROR
r-devel-linux-x86_64-fedora-clang 0.3.2 149.75 OK
r-devel-linux-x86_64-fedora-gcc 0.3.2 143.93 OK
r-devel-windows-ix86+x86_64 0.3.2 15.00 122.00 137.00 OK
r-patched-linux-x86_64 0.3.2 5.94 110.68 116.62 OK
r-patched-solaris-x86 0.3.2 185.60 OK
r-release-linux-x86_64 0.3.2 5.52 112.31 117.83 OK
r-release-macos-x86_64 0.3.2 OK
r-release-windows-ix86+x86_64 0.3.2 17.00 156.00 173.00 OK
r-oldrel-macos-x86_64 0.3.2 OK
r-oldrel-windows-ix86+x86_64 0.3.2 8.00 103.00 111.00 OK

Check Details

Version: 0.3.2
Check: tests
Result: ERROR
     Running ‘testthat.R’ [28s/40s]
    Running the tests in ‘tests/testthat.R’ failed.
    Complete output:
     > library(testthat)
     > library(adoptr)
    
     Attaching package: 'adoptr'
    
     The following object is masked from 'package:testthat':
    
     expectation
    
     >
     > test_check("adoptr")
     ── 1. Failure: Approximation works in cdf (@test_BinomialDistribution.R#107) ──
     mean(pval_H1 <= alpha) not equal to 1 - beta.
     1/1 mismatches
     [1] 0.81 - 0.8 == 0.01
    
     ══ testthat results ═══════════════════════════════════════════════════════════
     [ OK: 246 | SKIPPED: 0 | WARNINGS: 0 | FAILED: 1 ]
     1. Failure: Approximation works in cdf (@test_BinomialDistribution.R#107)
    
     Error: testthat unit tests failed
     Execution halted
Flavor: r-devel-linux-x86_64-debian-gcc