CRAN Package Check Results for Package adpss

Last updated on 2022-07-04 01:50:01 CEST.

Flavor Version Tinstall Tcheck Ttotal Status Flags
r-devel-linux-x86_64-debian-clang 0.1.1 27.33 43.26 70.59 NOTE
r-devel-linux-x86_64-debian-gcc 0.1.1 22.72 32.46 55.18 NOTE
r-devel-linux-x86_64-fedora-clang 0.1.1 107.94 NOTE
r-devel-linux-x86_64-fedora-gcc 0.1.1 101.03 NOTE
r-devel-windows-x86_64 0.1.1 29.00 101.00 130.00 NOTE
r-patched-linux-x86_64 0.1.1 23.70 43.21 66.91 NOTE
r-release-linux-x86_64 0.1.1 23.52 42.81 66.33 NOTE
r-release-macos-arm64 0.1.1 30.00 NOTE
r-release-macos-x86_64 0.1.1 42.00 NOTE
r-release-windows-x86_64 0.1.1 33.00 105.00 138.00 NOTE
r-oldrel-macos-arm64 0.1.1 35.00 NOTE
r-oldrel-macos-x86_64 0.1.1 58.00 NOTE
r-oldrel-windows-ix86+x86_64 0.1.1 67.00 117.00 184.00 NOTE

Check Details

Version: 0.1.1
Check: LazyData
Result: NOTE
     'LazyData' is specified without a 'data' directory
Flavors: r-devel-linux-x86_64-debian-clang, r-devel-linux-x86_64-debian-gcc, r-devel-linux-x86_64-fedora-clang, r-devel-linux-x86_64-fedora-gcc, r-devel-windows-x86_64, r-patched-linux-x86_64, r-release-linux-x86_64, r-release-macos-arm64, r-release-macos-x86_64, r-release-windows-x86_64, r-oldrel-macos-arm64, r-oldrel-macos-x86_64, r-oldrel-windows-ix86+x86_64