CRAN Package Check Results for Package adsDataHubR

Last updated on 2022-06-30 01:49:02 CEST.

Flavor Version Tinstall Tcheck Ttotal Status Flags
r-devel-linux-x86_64-debian-clang 0.1.1 3.70 31.04 34.74 NOTE
r-devel-linux-x86_64-debian-gcc 0.1.1 2.63 24.11 26.74 NOTE
r-devel-linux-x86_64-fedora-clang 0.1.1 52.06 NOTE
r-devel-linux-x86_64-fedora-gcc 0.1.1 50.92 NOTE
r-devel-windows-x86_64 0.1.1 6.00 54.00 60.00 NOTE
r-patched-linux-x86_64 0.1.1 3.44 30.18 33.62 NOTE
r-release-linux-x86_64 0.1.1 3.19 30.37 33.56 NOTE
r-release-macos-arm64 0.1.1 18.00 NOTE
r-release-macos-x86_64 0.1.1 25.00 NOTE
r-release-windows-x86_64 0.1.1 12.00 57.00 69.00 NOTE
r-oldrel-macos-arm64 0.1.1 27.00 NOTE
r-oldrel-macos-x86_64 0.1.1 29.00 NOTE
r-oldrel-windows-ix86+x86_64 0.1.1 7.00 48.00 55.00 NOTE

Check Details

Version: 0.1.1
Check: LazyData
Result: NOTE
     'LazyData' is specified without a 'data' directory
Flavors: r-devel-linux-x86_64-debian-clang, r-devel-linux-x86_64-debian-gcc, r-devel-linux-x86_64-fedora-clang, r-devel-linux-x86_64-fedora-gcc, r-devel-windows-x86_64, r-patched-linux-x86_64, r-release-linux-x86_64, r-release-macos-arm64, r-release-macos-x86_64, r-release-windows-x86_64, r-oldrel-macos-arm64, r-oldrel-macos-x86_64, r-oldrel-windows-ix86+x86_64