CRAN Package Check Results for Package adventr

Last updated on 2022-11-27 00:55:36 CET.

Flavor Version Tinstall Tcheck Ttotal Status Flags
r-devel-linux-x86_64-debian-clang 0.1.8 4.25 43.31 47.56 OK
r-devel-linux-x86_64-debian-gcc 0.1.8 4.47 34.06 38.53 OK
r-devel-linux-x86_64-fedora-clang 0.1.8 75.78 NOTE
r-devel-linux-x86_64-fedora-gcc 0.1.8 88.15 NOTE
r-devel-windows-x86_64 0.1.8 147.00 91.00 238.00 NOTE
r-patched-linux-x86_64 0.1.8 OK
r-release-linux-x86_64 0.1.8 5.42 41.21 46.63 OK
r-release-macos-arm64 0.1.8 23.00 NOTE
r-release-macos-x86_64 0.1.8 45.00 NOTE
r-release-windows-x86_64 0.1.8 143.00 87.00 230.00 NOTE
r-oldrel-macos-arm64 0.1.8 36.00 NOTE
r-oldrel-macos-x86_64 0.1.8 39.00 NOTE
r-oldrel-windows-ix86+x86_64 0.1.8 17.00 73.00 90.00 NOTE

Check Details

Version: 0.1.8
Check: installed package size
Result: NOTE
     installed size is 5.8Mb
     sub-directories of 1Mb or more:
     tutorials 5.6Mb
Flavors: r-devel-linux-x86_64-fedora-clang, r-devel-windows-x86_64, r-release-macos-arm64, r-release-macos-x86_64, r-release-windows-x86_64, r-oldrel-macos-arm64, r-oldrel-macos-x86_64, r-oldrel-windows-ix86+x86_64

Version: 0.1.8
Check: dependencies in R code
Result: NOTE
    Namespaces in Imports field not imported from:
     ‘BayesFactor’ ‘GGally’ ‘Hmisc’ ‘WRS2’ ‘boot’ ‘car’ ‘dplyr’ ‘effects’
     ‘effsize’ ‘forcats’ ‘ggplot2’ ‘lm.beta’ ‘nlme’ ‘readr’ ‘robust’
     ‘sandwich’ ‘sjstats’ ‘tidyr’
     All declared Imports should be used.
Flavors: r-devel-linux-x86_64-fedora-clang, r-devel-linux-x86_64-fedora-gcc, r-release-macos-arm64, r-release-macos-x86_64, r-oldrel-macos-arm64, r-oldrel-macos-x86_64