CRAN Package Check Results for Package afCEC

Last updated on 2019-12-06 00:49:49 CET.

Flavor Version Tinstall Tcheck Ttotal Status Flags
r-devel-linux-x86_64-debian-clang 1.0.2 45.58 37.29 82.87 OK
r-devel-linux-x86_64-debian-gcc 1.0.2 38.20 30.23 68.43 OK
r-devel-linux-x86_64-fedora-clang 1.0.2 114.50 OK
r-devel-linux-x86_64-fedora-gcc 1.0.2 114.02 OK
r-devel-windows-ix86+x86_64 1.0.2 92.00 131.00 223.00 OK
r-devel-windows-ix86+x86_64-gcc8 1.0.2 103.00 88.00 191.00 OK
r-patched-linux-x86_64 1.0.2 39.68 34.99 74.67 OK
r-patched-solaris-x86 1.0.2 120.80 OK
r-release-linux-x86_64 1.0.2 37.40 34.65 72.05 OK
r-release-windows-ix86+x86_64 1.0.2 85.00 84.00 169.00 OK
r-release-osx-x86_64 1.0.2 WARN
r-oldrel-windows-ix86+x86_64 1.0.2 80.00 115.00 195.00 OK
r-oldrel-osx-x86_64 1.0.2 OK

Check Details

Version: 1.0.2
Check: whether package can be installed
Result: WARN
    Found the following significant warnings:
     Warning: 'rgl_init' failed, running with rgl.useNULL = TRUE
Flavor: r-release-osx-x86_64