CRAN Package Check Results for Package afCEC

Last updated on 2020-07-03 01:48:56 CEST.

Flavor Version Tinstall Tcheck Ttotal Status Flags
r-devel-linux-x86_64-debian-clang 1.0.2 52.76 41.16 93.92 OK
r-devel-linux-x86_64-debian-gcc 1.0.2 40.70 32.97 73.67 OK
r-devel-linux-x86_64-fedora-clang 1.0.2 134.19 NOTE
r-devel-linux-x86_64-fedora-gcc 1.0.2 120.86 OK
r-devel-windows-ix86+x86_64 1.0.2 137.00 121.00 258.00 OK
r-patched-linux-x86_64 1.0.2 43.85 40.88 84.73 OK
r-patched-solaris-x86 1.0.2 128.20 OK
r-release-linux-x86_64 1.0.2 47.70 41.18 88.88 OK
r-release-osx-x86_64 1.0.2 OK
r-release-windows-ix86+x86_64 1.0.2 97.00 85.00 182.00 OK
r-oldrel-osx-x86_64 1.0.2 WARN
r-oldrel-windows-ix86+x86_64 1.0.2 97.00 106.00 203.00 OK

Check Details

Version: 1.0.2
Check: installed package size
Result: NOTE
     installed size is 5.0Mb
     sub-directories of 1Mb or more:
     libs 4.3Mb
Flavor: r-devel-linux-x86_64-fedora-clang

Version: 1.0.2
Check: whether package can be installed
Result: WARN
    Found the following significant warnings:
     Warning: 'rgl_init' failed, running with rgl.useNULL = TRUE
Flavor: r-oldrel-osx-x86_64