Last updated on 2021-04-20 01:46:57 CEST.
Flavor | Version | Tinstall | Tcheck | Ttotal | Status | Flags |
---|---|---|---|---|---|---|
r-devel-linux-x86_64-debian-clang | 0.28-1 | 17.14 | 382.91 | 400.05 | OK | |
r-devel-linux-x86_64-debian-gcc | 0.28-1 | 12.70 | 277.87 | 290.57 | OK | |
r-devel-linux-x86_64-fedora-clang | 0.28-1 | 463.81 | NOTE | |||
r-devel-linux-x86_64-fedora-gcc | 0.28-1 | 460.16 | OK | |||
r-devel-windows-ix86+x86_64 | 0.28-1 | 27.00 | 326.00 | 353.00 | OK | |
r-devel-windows-x86_64-gcc10-UCRT | 0.28-1 | OK | ||||
r-patched-linux-x86_64 | 0.28-1 | 16.79 | 354.54 | 371.33 | OK | |
r-patched-solaris-x86 | 0.28-1 | 651.80 | NOTE | |||
r-release-linux-x86_64 | 0.28-1 | 17.84 | 353.20 | 371.04 | OK | |
r-release-macos-x86_64 | 0.28-1 | OK | ||||
r-release-windows-ix86+x86_64 | 0.28-1 | 39.00 | 453.00 | 492.00 | OK | |
r-oldrel-macos-x86_64 | 0.28-1 | OK | ||||
r-oldrel-windows-ix86+x86_64 | 0.28-1 | 23.00 | 460.00 | 483.00 | OK |
Version: 0.28-1
Check: Rd cross-references
Result: NOTE
Undeclared package ‘ez’ in Rd xrefs
Flavor: r-devel-linux-x86_64-fedora-clang
Version: 0.28-1
Check: installed package size
Result: NOTE
installed size is 5.5Mb
sub-directories of 1Mb or more:
doc 3.6Mb
Flavor: r-patched-solaris-x86