CRAN Package Check Results for Package aiRly

Last updated on 2023-05-28 07:57:24 CEST.

Flavor Version Tinstall Tcheck Ttotal Status Flags
r-devel-linux-x86_64-debian-clang 0.1.0 4.76 43.59 48.35 NOTE
r-devel-linux-x86_64-debian-gcc 0.1.0 3.63 32.77 36.40 NOTE
r-devel-linux-x86_64-fedora-clang 0.1.0 57.72 NOTE
r-devel-linux-x86_64-fedora-gcc 0.1.0 62.07 NOTE
r-devel-windows-x86_64 0.1.0 5.00 104.00 109.00 NOTE
r-patched-linux-x86_64 0.1.0 4.81 41.36 46.17 NOTE
r-release-linux-x86_64 0.1.0 4.98 41.11 46.09 NOTE
r-release-macos-arm64 0.1.0 23.00 NOTE
r-release-macos-x86_64 0.1.0 32.00 NOTE
r-release-windows-x86_64 0.1.0 6.00 62.00 68.00 NOTE
r-oldrel-macos-arm64 0.1.0 22.00 NOTE
r-oldrel-macos-x86_64 0.1.0 31.00 NOTE
r-oldrel-windows-x86_64 0.1.0 7.00 61.00 68.00 NOTE

Additional issues

donttest

Check Details

Version: 0.1.0
Check: LazyData
Result: NOTE
     'LazyData' is specified without a 'data' directory
Flavors: r-devel-linux-x86_64-debian-clang, r-devel-linux-x86_64-debian-gcc, r-devel-linux-x86_64-fedora-clang, r-devel-linux-x86_64-fedora-gcc, r-devel-windows-x86_64, r-patched-linux-x86_64, r-release-linux-x86_64, r-release-macos-arm64, r-release-macos-x86_64, r-release-windows-x86_64, r-oldrel-macos-arm64, r-oldrel-macos-x86_64, r-oldrel-windows-x86_64