CRAN Package Check Results for Package aiRly

Last updated on 2022-09-29 01:50:38 CEST.

Flavor Version Tinstall Tcheck Ttotal Status Flags
r-devel-linux-x86_64-debian-clang 0.1.0 4.85 44.41 49.26 NOTE
r-devel-linux-x86_64-debian-gcc 0.1.0 3.80 33.78 37.58 NOTE
r-devel-linux-x86_64-fedora-clang 0.1.0 72.26 NOTE
r-devel-linux-x86_64-fedora-gcc 0.1.0 70.04 NOTE
r-devel-windows-x86_64 0.1.0 28.00 76.00 104.00 NOTE
r-patched-linux-x86_64 0.1.0 4.28 41.97 46.25 NOTE
r-release-linux-x86_64 0.1.0 4.80 41.15 45.95 NOTE
r-release-macos-arm64 0.1.0 22.00 NOTE
r-release-macos-x86_64 0.1.0 31.00 NOTE
r-release-windows-x86_64 0.1.0 21.00 73.00 94.00 NOTE
r-oldrel-macos-arm64 0.1.0 24.00 NOTE
r-oldrel-macos-x86_64 0.1.0 33.00 NOTE
r-oldrel-windows-ix86+x86_64 0.1.0 10.00 68.00 78.00 NOTE

Additional issues

donttest

Check Details

Version: 0.1.0
Check: LazyData
Result: NOTE
     'LazyData' is specified without a 'data' directory
Flavors: r-devel-linux-x86_64-debian-clang, r-devel-linux-x86_64-debian-gcc, r-devel-linux-x86_64-fedora-clang, r-devel-linux-x86_64-fedora-gcc, r-devel-windows-x86_64, r-patched-linux-x86_64, r-release-linux-x86_64, r-release-macos-arm64, r-release-macos-x86_64, r-release-windows-x86_64, r-oldrel-macos-arm64, r-oldrel-macos-x86_64, r-oldrel-windows-ix86+x86_64