CRAN Package Check Results for Package airGRdatasets

Last updated on 2023-11-30 07:52:27 CET.

Flavor Version Tinstall Tcheck Ttotal Status Flags
r-devel-linux-x86_64-debian-clang 0.2.1 2.25 17.65 19.90 OK
r-devel-linux-x86_64-debian-gcc 0.2.1 1.49 14.03 15.52 OK
r-devel-linux-x86_64-fedora-clang 0.2.1 25.36 NOTE
r-devel-linux-x86_64-fedora-gcc 0.2.1 24.93 NOTE
r-devel-windows-x86_64 0.2.1 4.00 38.00 42.00 OK
r-patched-linux-x86_64 0.2.1 2.94 17.66 20.60 OK
r-release-linux-x86_64 0.2.1 2.52 17.49 20.01 OK
r-release-macos-arm64 0.2.1 15.00 OK
r-release-macos-x86_64 0.2.1 37.00 OK
r-release-windows-x86_64 0.2.1 3.00 37.00 40.00 OK
r-oldrel-macos-arm64 0.2.1 19.00 OK
r-oldrel-macos-x86_64 0.2.1 35.00 OK
r-oldrel-windows-x86_64 0.2.1 4.00 40.00 44.00 OK

Check Details

Version: 0.2.1
Check: data for non-ASCII characters
Result: NOTE Note: found 17 marked UTF-8 strings Flavors: r-devel-linux-x86_64-fedora-clang, r-devel-linux-x86_64-fedora-gcc