Last updated on 2023-10-01 08:51:52 CEST.
Flavor | Version | Tinstall | Tcheck | Ttotal | Status | Flags |
---|---|---|---|---|---|---|
r-devel-linux-x86_64-debian-clang | 0.3.2 | 8.20 | 183.48 | 191.68 | OK | |
r-devel-linux-x86_64-debian-gcc | 0.3.2 | 6.56 | 150.22 | 156.78 | OK | |
r-devel-linux-x86_64-fedora-clang | 0.3.2 | 240.27 | NOTE | |||
r-devel-linux-x86_64-fedora-gcc | 0.3.2 | 264.14 | OK | |||
r-devel-windows-x86_64 | 0.3.2 | 9.00 | 218.00 | 227.00 | NOTE | |
r-patched-linux-x86_64 | 0.3.2 | 8.28 | 190.84 | 199.12 | OK | |
r-release-linux-x86_64 | 0.3.2 | 4.99 | 191.62 | 196.61 | OK | |
r-release-macos-arm64 | 0.3.2 | 96.00 | NOTE | |||
r-release-macos-x86_64 | 0.3.2 | 186.00 | NOTE | |||
r-release-windows-x86_64 | 0.3.2 | 12.00 | 241.00 | 253.00 | NOTE | |
r-oldrel-macos-arm64 | 0.3.2 | 82.00 | NOTE | |||
r-oldrel-macos-x86_64 | 0.3.2 | 132.00 | NOTE | |||
r-oldrel-windows-x86_64 | 0.3.2 | 11.00 | 224.00 | 235.00 | NOTE |
Version: 0.3.2
Check: installed package size
Result: NOTE
installed size is 8.0Mb
sub-directories of 1Mb or more:
ShinyGR 4.3Mb
doc 3.5Mb
Flavors: r-devel-linux-x86_64-fedora-clang, r-devel-windows-x86_64, r-release-macos-arm64, r-release-macos-x86_64, r-release-windows-x86_64, r-oldrel-macos-arm64, r-oldrel-macos-x86_64, r-oldrel-windows-x86_64