Last updated on 2023-10-01 08:51:52 CEST.
Flavor | Version | Tinstall | Tcheck | Ttotal | Status | Flags |
---|---|---|---|---|---|---|
r-devel-linux-x86_64-debian-clang | 0.8.2 | 9.22 | 79.98 | 89.20 | NOTE | |
r-devel-linux-x86_64-debian-gcc | 0.8.2 | 7.33 | 58.21 | 65.54 | NOTE | |
r-devel-linux-x86_64-fedora-clang | 0.8.2 | 108.06 | NOTE | |||
r-devel-linux-x86_64-fedora-gcc | 0.8.2 | 96.87 | NOTE | |||
r-devel-windows-x86_64 | 0.8.2 | 10.00 | 79.00 | 89.00 | NOTE | |
r-patched-linux-x86_64 | 0.8.2 | 10.28 | 75.49 | 85.77 | OK | |
r-release-linux-x86_64 | 0.8.2 | 9.02 | 73.65 | 82.67 | OK | |
r-release-macos-arm64 | 0.8.2 | 36.00 | OK | |||
r-release-macos-x86_64 | 0.8.2 | 54.00 | OK | |||
r-release-windows-x86_64 | 0.8.2 | 14.00 | 96.00 | 110.00 | OK | |
r-oldrel-macos-arm64 | 0.8.2 | 34.00 | NOTE | |||
r-oldrel-macos-x86_64 | 0.8.2 | 63.00 | NOTE | |||
r-oldrel-windows-x86_64 | 0.8.2 | 13.00 | 168.00 | 181.00 | OK |
Version: 0.8.2
Check: Rd metadata
Result: NOTE
Invalid package aliases in Rd file 'aire.zmvm-deprecated.Rd':
‘aire.zmvm-deprecated-package’
Flavors: r-devel-linux-x86_64-debian-clang, r-devel-linux-x86_64-debian-gcc, r-devel-linux-x86_64-fedora-clang, r-devel-linux-x86_64-fedora-gcc, r-devel-windows-x86_64
Version: 0.8.2
Check: data for non-ASCII characters
Result: NOTE
Note: found 53 marked UTF-8 strings
Flavors: r-devel-linux-x86_64-fedora-clang, r-devel-linux-x86_64-fedora-gcc, r-oldrel-macos-arm64, r-oldrel-macos-x86_64