CRAN Package Check Results for Package ajv

Last updated on 2022-07-03 01:48:48 CEST.

Flavor Version Tinstall Tcheck Ttotal Status Flags
r-devel-linux-x86_64-debian-clang 1.0.0 3.19 34.39 37.58 NOTE
r-devel-linux-x86_64-debian-gcc 1.0.0 2.28 26.27 28.55 NOTE
r-devel-linux-x86_64-fedora-clang 1.0.0 54.56 NOTE
r-devel-linux-x86_64-fedora-gcc 1.0.0 53.82 NOTE
r-devel-windows-x86_64 1.0.0 19.00 62.00 81.00 NOTE
r-patched-linux-x86_64 1.0.0 2.84 33.51 36.35 NOTE
r-release-linux-x86_64 1.0.0 2.80 32.85 35.65 NOTE
r-release-macos-arm64 1.0.0 21.00 NOTE
r-release-macos-x86_64 1.0.0 27.00 NOTE
r-release-windows-x86_64 1.0.0 16.00 62.00 78.00 NOTE
r-oldrel-macos-arm64 1.0.0 24.00 NOTE
r-oldrel-macos-x86_64 1.0.0 34.00 NOTE
r-oldrel-windows-ix86+x86_64 1.0.0 11.00 69.00 80.00 NOTE

Check Details

Version: 1.0.0
Check: LazyData
Result: NOTE
     'LazyData' is specified without a 'data' directory
Flavors: r-devel-linux-x86_64-debian-clang, r-devel-linux-x86_64-debian-gcc, r-devel-linux-x86_64-fedora-clang, r-devel-linux-x86_64-fedora-gcc, r-devel-windows-x86_64, r-patched-linux-x86_64, r-release-linux-x86_64, r-release-macos-arm64, r-release-macos-x86_64, r-release-windows-x86_64, r-oldrel-macos-arm64, r-oldrel-macos-x86_64, r-oldrel-windows-ix86+x86_64