CRAN Package Check Results for Package alfr

Last updated on 2022-06-25 01:48:53 CEST.

Flavor Version Tinstall Tcheck Ttotal Status Flags
r-devel-linux-x86_64-debian-clang 1.2.1 1.80 32.88 34.68 NOTE
r-devel-linux-x86_64-debian-gcc 1.2.1 1.51 25.94 27.45 NOTE
r-devel-linux-x86_64-fedora-clang 1.2.1 53.29 NOTE
r-devel-linux-x86_64-fedora-gcc 1.2.1 52.12 NOTE
r-devel-windows-x86_64 1.2.1 43.00 81.00 124.00 NOTE
r-patched-linux-x86_64 1.2.1 2.26 31.73 33.99 NOTE
r-release-linux-x86_64 1.2.1 2.55 32.43 34.98 NOTE
r-release-macos-arm64 1.2.1 18.00 NOTE
r-release-macos-x86_64 1.2.1 26.00 NOTE
r-release-windows-x86_64 1.2.1 31.00 84.00 115.00 NOTE
r-oldrel-macos-arm64 1.2.1 23.00 NOTE
r-oldrel-macos-x86_64 1.2.1 31.00 NOTE
r-oldrel-windows-ix86+x86_64 1.2.1 6.00 64.00 70.00 NOTE

Check Details

Version: 1.2.1
Check: LazyData
Result: NOTE
     'LazyData' is specified without a 'data' directory
Flavors: r-devel-linux-x86_64-debian-clang, r-devel-linux-x86_64-debian-gcc, r-devel-linux-x86_64-fedora-clang, r-devel-linux-x86_64-fedora-gcc, r-devel-windows-x86_64, r-patched-linux-x86_64, r-release-linux-x86_64, r-release-macos-arm64, r-release-macos-x86_64, r-release-windows-x86_64, r-oldrel-macos-arm64, r-oldrel-macos-x86_64, r-oldrel-windows-ix86+x86_64