Last updated on 2022-06-25 01:48:53 CEST.
Flavor | Version | Tinstall | Tcheck | Ttotal | Status | Flags |
---|---|---|---|---|---|---|
r-devel-linux-x86_64-debian-clang | 0.2.0 | 6.57 | 58.58 | 65.15 | OK | |
r-devel-linux-x86_64-debian-gcc | 0.2.0 | 4.85 | 43.62 | 48.47 | OK | |
r-devel-linux-x86_64-fedora-clang | 0.2.0 | 87.95 | NOTE | |||
r-devel-linux-x86_64-fedora-gcc | 0.2.0 | 85.92 | NOTE | |||
r-devel-windows-x86_64 | 0.2.0 | 12.00 | 78.00 | 90.00 | OK | |
r-patched-linux-x86_64 | 0.2.0 | 5.96 | 54.82 | 60.78 | OK | |
r-release-linux-x86_64 | 0.2.0 | 5.63 | 54.13 | 59.76 | OK | |
r-release-macos-arm64 | 0.2.0 | 24.00 | NOTE | |||
r-release-macos-x86_64 | 0.2.0 | 54.00 | NOTE | |||
r-release-windows-x86_64 | 0.2.0 | 15.00 | 76.00 | 91.00 | OK | |
r-oldrel-macos-arm64 | 0.2.0 | 29.00 | NOTE | |||
r-oldrel-macos-x86_64 | 0.2.0 | 35.00 | NOTE | |||
r-oldrel-windows-ix86+x86_64 | 0.2.0 | 16.00 | 74.00 | 90.00 | OK |
Version: 0.2.0
Check: dependencies in R code
Result: NOTE
Namespace in Imports field not imported from: ‘curl’
All declared Imports should be used.
Flavors: r-devel-linux-x86_64-fedora-clang, r-devel-linux-x86_64-fedora-gcc, r-release-macos-arm64, r-release-macos-x86_64, r-oldrel-macos-arm64, r-oldrel-macos-x86_64