Last updated on 2023-11-30 07:52:27 CET.
Flavor | Version | Tinstall | Tcheck | Ttotal | Status | Flags |
---|---|---|---|---|---|---|
r-devel-linux-x86_64-debian-clang | 1.1.1 | 3.70 | 48.77 | 52.47 | OK | |
r-devel-linux-x86_64-debian-gcc | 1.1.1 | 2.69 | 37.42 | 40.11 | OK | |
r-devel-linux-x86_64-fedora-clang | 1.1.1 | 67.24 | NOTE | |||
r-devel-linux-x86_64-fedora-gcc | 1.1.1 | 76.66 | OK | |||
r-devel-windows-x86_64 | 1.1.1 | 5.00 | 70.00 | 75.00 | OK | |
r-patched-linux-x86_64 | 1.1.1 | 4.83 | 47.82 | 52.65 | OK | |
r-release-linux-x86_64 | 1.1.1 | 3.89 | 47.66 | 51.55 | OK | |
r-release-macos-arm64 | 1.1.1 | 46.00 | OK | |||
r-release-macos-x86_64 | 1.1.1 | 111.00 | OK | |||
r-release-windows-x86_64 | 1.1.1 | 5.00 | 74.00 | 79.00 | OK | |
r-oldrel-macos-arm64 | 1.1.1 | 45.00 | OK | |||
r-oldrel-macos-x86_64 | 1.1.1 | 76.00 | OK | |||
r-oldrel-windows-x86_64 | 1.1.1 | 7.00 | 73.00 | 80.00 | OK |
Version: 1.1.1
Check: Rd cross-references
Result: NOTE
Undeclared package ‘hyperSpec’ in Rd xrefs
Flavor: r-devel-linux-x86_64-fedora-clang