CRAN Package Check Results for Package alone

Last updated on 2023-12-07 07:50:23 CET.

Flavor Version Tinstall Tcheck Ttotal Status Flags
r-devel-linux-x86_64-debian-clang 0.3 1.48 23.27 24.75 OK
r-devel-linux-x86_64-debian-gcc 0.3 1.47 18.39 19.86 OK
r-devel-linux-x86_64-fedora-clang 0.3 31.90 NOTE
r-devel-linux-x86_64-fedora-gcc 0.3 30.40 NOTE
r-devel-windows-x86_64 0.3 3.00 41.00 44.00 OK
r-patched-linux-x86_64 0.3 2.18 23.34 25.52 OK
r-release-linux-x86_64 0.3 1.80 23.06 24.86 OK
r-release-macos-arm64 0.3 15.00 OK
r-release-macos-x86_64 0.3 33.00 OK
r-release-windows-x86_64 0.3 3.00 41.00 44.00 OK
r-oldrel-macos-arm64 0.3 18.00 OK
r-oldrel-macos-x86_64 0.3 26.00 OK
r-oldrel-windows-x86_64 0.3 4.00 43.00 47.00 OK

Check Details

Version: 0.3
Check: data for non-ASCII characters
Result: NOTE Note: found 115 marked UTF-8 strings Flavors: r-devel-linux-x86_64-fedora-clang, r-devel-linux-x86_64-fedora-gcc