CRAN Package Check Results for Package alookr

Last updated on 2021-06-25 02:51:47 CEST.

Flavor Version Tinstall Tcheck Ttotal Status Flags
r-devel-linux-x86_64-debian-clang 0.3.4 16.03 224.16 240.19 NOTE
r-devel-linux-x86_64-debian-gcc 0.3.4 13.77 163.71 177.48 NOTE
r-devel-linux-x86_64-fedora-clang 0.3.4 285.20 NOTE
r-devel-linux-x86_64-fedora-gcc 0.3.4 278.59 NOTE
r-devel-windows-x86_64 0.3.4 26.00 184.00 210.00 NOTE
r-devel-windows-x86_64-gcc10-UCRT 0.3.4 NOTE
r-patched-linux-x86_64 0.3.4 20.27 208.06 228.33 NOTE
r-patched-solaris-x86 0.3.4 435.20 NOTE
r-release-linux-x86_64 0.3.4 16.48 206.47 222.95 NOTE
r-release-macos-arm64 0.3.4 NOTE
r-release-macos-x86_64 0.3.4 NOTE
r-release-windows-ix86+x86_64 0.3.4 32.00 183.00 215.00 NOTE
r-oldrel-macos-x86_64 0.3.4 OK
r-oldrel-windows-ix86+x86_64 0.3.4 37.00 211.00 248.00 OK

Check Details

Version: 0.3.4
Check: LazyData
Result: NOTE
     'LazyData' is specified without a 'data' directory
Flavors: r-devel-linux-x86_64-debian-clang, r-devel-linux-x86_64-debian-gcc, r-devel-linux-x86_64-fedora-clang, r-devel-linux-x86_64-fedora-gcc, r-devel-windows-x86_64, r-devel-windows-x86_64-gcc10-UCRT, r-patched-linux-x86_64, r-patched-solaris-x86, r-release-linux-x86_64, r-release-macos-arm64, r-release-macos-x86_64, r-release-windows-ix86+x86_64