CRAN Package Check Results for Package alphaci

Last updated on 2024-07-24 06:57:09 CEST.

Flavor Version Tinstall Tcheck Ttotal Status Flags
r-devel-linux-x86_64-debian-clang 1.0.1 2.94 33.89 36.83 OK
r-devel-linux-x86_64-debian-gcc 1.0.1 2.12 25.47 27.59 NOTE
r-devel-linux-x86_64-fedora-clang 1.0.1 47.87 OK
r-devel-linux-x86_64-fedora-gcc 1.0.1 57.21 OK
r-devel-windows-x86_64 1.0.1 4.00 50.00 54.00 NOTE
r-patched-linux-x86_64 1.0.1 3.46 33.15 36.61 OK
r-release-linux-x86_64 1.0.1 2.07 32.13 34.20 OK
r-release-macos-arm64 1.0.1 26.00 OK
r-release-macos-x86_64 1.0.1 35.00 OK
r-release-windows-x86_64 1.0.1 3.00 50.00 53.00 OK
r-oldrel-macos-arm64 1.0.1 42.00 OK
r-oldrel-macos-x86_64 1.0.1 57.00 OK
r-oldrel-windows-x86_64 1.0.1 4.00 50.00 54.00 OK

Check Details

Version: 1.0.1
Check: Rd cross-references
Result: NOTE Found the following Rd file(s) with Rd \link{} targets missing package anchors: alphaci.Rd: future.apply Please provide package anchors for all Rd \link{} targets not in the package itself and the base packages. Flavors: r-devel-linux-x86_64-debian-gcc, r-devel-windows-x86_64