CRAN Package Check Results for Package alphashape3d

Last updated on 2020-05-28 01:53:11 CEST.

Flavor Version Tinstall Tcheck Ttotal Status Flags
r-devel-linux-x86_64-debian-clang 1.3 6.86 49.86 56.72 OK
r-devel-linux-x86_64-debian-gcc 1.3 5.47 38.48 43.95 OK
r-devel-linux-x86_64-fedora-clang 1.3 67.90 OK
r-devel-linux-x86_64-fedora-gcc 1.3 65.90 OK
r-devel-windows-ix86+x86_64 1.3 22.00 123.00 145.00 OK
r-patched-linux-x86_64 1.3 6.87 50.60 57.47 OK
r-patched-solaris-x86 1.3 95.50 OK
r-release-linux-x86_64 1.3 6.49 49.75 56.24 OK
r-release-osx-x86_64 1.3 OK
r-release-windows-ix86+x86_64 1.3 23.00 118.00 141.00 OK
r-oldrel-osx-x86_64 1.3 WARN
r-oldrel-windows-ix86+x86_64 1.3 17.00 83.00 100.00 OK

Check Details

Version: 1.3
Check: whether package can be installed
Result: WARN
    Found the following significant warnings:
     Warning: 'rgl_init' failed, running with rgl.useNULL = TRUE
Flavor: r-oldrel-osx-x86_64