Last updated on 2023-12-04 07:50:47 CET.
Flavor | Version | Tinstall | Tcheck | Ttotal | Status | Flags |
---|---|---|---|---|---|---|
r-devel-linux-x86_64-debian-clang | 1.1 | 33.46 | 34.66 | 68.12 | NOTE | |
r-devel-linux-x86_64-debian-gcc | 1.1 | 22.80 | 26.88 | 49.68 | NOTE | |
r-devel-linux-x86_64-fedora-clang | 1.1 | 95.20 | NOTE | |||
r-devel-linux-x86_64-fedora-gcc | 1.1 | 91.94 | NOTE | |||
r-devel-windows-x86_64 | 1.1 | 26.00 | 69.00 | 95.00 | NOTE | |
r-patched-linux-x86_64 | 1.1 | 25.74 | 34.43 | 60.17 | NOTE | |
r-release-linux-x86_64 | 1.1 | 27.74 | 34.69 | 62.43 | NOTE | |
r-release-macos-arm64 | 1.1 | 27.00 | NOTE | |||
r-release-macos-x86_64 | 1.1 | 44.00 | NOTE | |||
r-release-windows-x86_64 | 1.1 | 33.00 | 76.00 | 109.00 | NOTE | |
r-oldrel-macos-arm64 | 1.1 | 29.00 | OK | |||
r-oldrel-macos-x86_64 | 1.1 | 39.00 | OK | |||
r-oldrel-windows-x86_64 | 1.1 | 32.00 | 72.00 | 104.00 | OK |
Version: 1.1
Check: C++ specification
Result: NOTE
Specified C++11: please drop specification unless essential
Flavors: r-devel-linux-x86_64-debian-clang, r-devel-linux-x86_64-debian-gcc, r-devel-linux-x86_64-fedora-clang, r-devel-linux-x86_64-fedora-gcc, r-devel-windows-x86_64, r-patched-linux-x86_64, r-release-linux-x86_64, r-release-macos-arm64, r-release-macos-x86_64, r-release-windows-x86_64