CRAN Package Check Results for Package altfuelr

Last updated on 2022-06-30 01:49:02 CEST.

Flavor Version Tinstall Tcheck Ttotal Status Flags
r-devel-linux-x86_64-debian-clang 0.1.0 5.44 29.12 34.56 OK
r-devel-linux-x86_64-debian-gcc 0.1.0 5.58 23.26 28.84 OK
r-devel-linux-x86_64-fedora-clang 0.1.0 53.93 NOTE
r-devel-linux-x86_64-fedora-gcc 0.1.0 53.74 NOTE
r-devel-windows-x86_64 0.1.0 12.00 56.00 68.00 OK
r-patched-linux-x86_64 0.1.0 6.65 28.95 35.60 OK
r-release-linux-x86_64 0.1.0 4.83 28.58 33.41 OK
r-release-macos-arm64 0.1.0 21.00 NOTE
r-release-macos-x86_64 0.1.0 29.00 NOTE
r-release-windows-x86_64 0.1.0 20.00 54.00 74.00 OK
r-oldrel-macos-arm64 0.1.0 35.00 NOTE
r-oldrel-macos-x86_64 0.1.0 41.00 NOTE
r-oldrel-windows-ix86+x86_64 0.1.0 12.00 49.00 61.00 OK

Check Details

Version: 0.1.0
Check: data for non-ASCII characters
Result: NOTE
     Note: found 171 marked UTF-8 strings
Flavors: r-devel-linux-x86_64-fedora-clang, r-devel-linux-x86_64-fedora-gcc, r-release-macos-arm64, r-release-macos-x86_64, r-oldrel-macos-arm64, r-oldrel-macos-x86_64