CRAN Package Check Results for Package ammistability

Last updated on 2021-12-06 00:48:21 CET.

Flavor Version Tinstall Tcheck Ttotal Status Flags
r-devel-linux-x86_64-debian-clang 0.1.2 8.23 105.43 113.66 OK
r-devel-linux-x86_64-debian-gcc 0.1.2 6.98 80.21 87.19 OK
r-devel-linux-x86_64-fedora-clang 0.1.2 140.59 NOTE
r-devel-linux-x86_64-fedora-gcc 0.1.2 126.88 NOTE
r-devel-windows-x86_64-new-UL 0.1.2 19.00 192.00 211.00 OK
r-devel-windows-x86_64-new-TK 0.1.2 NOTE
r-devel-windows-x86_64-old 0.1.2 16.00 106.00 122.00 OK
r-patched-linux-x86_64 0.1.2 9.03 89.97 99.00 OK
r-release-linux-x86_64 0.1.2 8.47 98.96 107.43 OK
r-release-macos-arm64 0.1.2 NOTE
r-release-macos-x86_64 0.1.2 NOTE
r-release-windows-ix86+x86_64 0.1.2 22.00 132.00 154.00 OK
r-oldrel-macos-x86_64 0.1.2 NOTE
r-oldrel-windows-ix86+x86_64 0.1.2 21.00 137.00 158.00 OK

Check Details

Version: 0.1.2
Check: dependencies in R code
Result: NOTE
    Namespace in Imports field not imported from: ‘mathjaxr’
     All declared Imports should be used.
Flavors: r-devel-linux-x86_64-fedora-clang, r-devel-linux-x86_64-fedora-gcc, r-devel-windows-x86_64-new-TK, r-release-macos-arm64, r-release-macos-x86_64, r-oldrel-macos-x86_64