Last updated on 2023-11-28 07:52:55 CET.
Flavor | Version | Tinstall | Tcheck | Ttotal | Status | Flags |
---|---|---|---|---|---|---|
r-devel-linux-x86_64-debian-clang | 0.1.5 | 3.52 | 27.97 | 31.49 | OK | |
r-devel-linux-x86_64-debian-gcc | 0.1.5 | 2.81 | 21.38 | 24.19 | OK | |
r-devel-linux-x86_64-fedora-clang | 0.1.5 | 38.38 | NOTE | |||
r-devel-linux-x86_64-fedora-gcc | 0.1.5 | 36.44 | NOTE | |||
r-devel-windows-x86_64 | 0.1.5 | 5.00 | 45.00 | 50.00 | OK | |
r-patched-linux-x86_64 | 0.1.5 | 3.82 | 27.34 | 31.16 | OK | |
r-release-linux-x86_64 | 0.1.5 | 2.83 | 27.28 | 30.11 | OK | |
r-release-macos-arm64 | 0.1.5 | 18.00 | OK | |||
r-release-macos-x86_64 | 0.1.5 | 42.00 | OK | |||
r-release-windows-x86_64 | 0.1.5 | 7.00 | 45.00 | 52.00 | OK | |
r-oldrel-macos-arm64 | 0.1.5 | 21.00 | OK | |||
r-oldrel-macos-x86_64 | 0.1.5 | 41.00 | OK | |||
r-oldrel-windows-x86_64 | 0.1.5 | 9.00 | 49.00 | 58.00 | OK |
Version: 0.1.5
Check: data for non-ASCII characters
Result: NOTE
Note: found 237 marked UTF-8 strings
Flavors: r-devel-linux-x86_64-fedora-clang, r-devel-linux-x86_64-fedora-gcc