CRAN Package Check Results for Package animalTrack

Last updated on 2022-08-19 02:53:22 CEST.

Flavor Version Tinstall Tcheck Ttotal Status Flags
r-devel-linux-x86_64-debian-clang 1.0.0 4.00 41.22 45.22 NOTE
r-devel-linux-x86_64-debian-gcc 1.0.0 3.05 32.62 35.67 NOTE
r-devel-linux-x86_64-fedora-clang 1.0.0 67.18 NOTE
r-devel-linux-x86_64-fedora-gcc 1.0.0 63.69 NOTE
r-devel-windows-x86_64 1.0.0 21.00 68.00 89.00 NOTE
r-patched-linux-x86_64 1.0.0 4.60 39.81 44.41 NOTE
r-release-linux-x86_64 1.0.0 NOTE
r-release-macos-arm64 1.0.0 22.00 NOTE
r-release-macos-x86_64 1.0.0 29.00 NOTE
r-release-windows-x86_64 1.0.0 17.00 69.00 86.00 NOTE
r-oldrel-macos-arm64 1.0.0 29.00 NOTE
r-oldrel-macos-x86_64 1.0.0 43.00 NOTE
r-oldrel-windows-ix86+x86_64 1.0.0 9.00 63.00 72.00 NOTE

Check Details

Version: 1.0.0
Check: DESCRIPTION meta-information
Result: NOTE
    Malformed Title field: should not end in a period.
Flavors: r-devel-linux-x86_64-debian-clang, r-devel-linux-x86_64-debian-gcc, r-devel-linux-x86_64-fedora-clang, r-devel-linux-x86_64-fedora-gcc, r-devel-windows-x86_64, r-patched-linux-x86_64, r-release-linux-x86_64, r-release-macos-arm64, r-release-macos-x86_64, r-release-windows-x86_64, r-oldrel-macos-arm64, r-oldrel-macos-x86_64, r-oldrel-windows-ix86+x86_64