Last updated on 2022-06-28 01:51:26 CEST.
Flavor | Version | Tinstall | Tcheck | Ttotal | Status | Flags |
---|---|---|---|---|---|---|
r-devel-linux-x86_64-debian-clang | 0.2.0 | 10.59 | 101.65 | 112.24 | OK | |
r-devel-linux-x86_64-debian-gcc | 0.2.0 | 8.09 | 73.65 | 81.74 | OK | |
r-devel-linux-x86_64-fedora-clang | 0.2.0 | 140.85 | NOTE | |||
r-devel-linux-x86_64-fedora-gcc | 0.2.0 | 137.87 | OK | |||
r-devel-windows-x86_64 | 0.2.0 | 82.00 | 132.00 | 214.00 | OK | |
r-patched-linux-x86_64 | 0.2.0 | 7.98 | 94.04 | 102.02 | OK | |
r-release-linux-x86_64 | 0.2.0 | 8.84 | 94.63 | 103.47 | OK | |
r-release-macos-arm64 | 0.2.0 | 39.00 | OK | |||
r-release-macos-x86_64 | 0.2.0 | 67.00 | OK | |||
r-release-windows-x86_64 | 0.2.0 | 142.00 | 124.00 | 266.00 | OK | |
r-oldrel-macos-arm64 | 0.2.0 | 45.00 | OK | |||
r-oldrel-macos-x86_64 | 0.2.0 | 52.00 | OK | |||
r-oldrel-windows-ix86+x86_64 | 0.2.0 | 26.00 | 123.00 | 149.00 | OK |
Version: 0.2.0
Check: package dependencies
Result: NOTE
Imports includes 22 non-default packages.
Importing from so many packages makes the package vulnerable to any of
them becoming unavailable. Move as many as possible to Suggests and
use conditionally.
Flavor: r-devel-linux-x86_64-fedora-clang