Last updated on 2023-06-05 07:52:46 CEST.
Flavor | Version | Tinstall | Tcheck | Ttotal | Status | Flags |
---|---|---|---|---|---|---|
r-devel-linux-x86_64-debian-clang | 0.2.0 | 11.04 | 96.40 | 107.44 | OK | |
r-devel-linux-x86_64-debian-gcc | 0.2.0 | 9.44 | 71.70 | 81.14 | OK | |
r-devel-linux-x86_64-fedora-clang | 0.2.0 | 142.33 | NOTE | |||
r-devel-linux-x86_64-fedora-gcc | 0.2.0 | 124.76 | OK | |||
r-devel-windows-x86_64 | 0.2.0 | 14.00 | 96.00 | 110.00 | OK | |
r-patched-linux-x86_64 | 0.2.0 | 10.52 | 91.52 | 102.04 | OK | |
r-release-linux-x86_64 | 0.2.0 | 7.10 | 90.81 | 97.91 | OK | |
r-release-macos-arm64 | 0.2.0 | 40.00 | OK | |||
r-release-macos-x86_64 | 0.2.0 | 65.00 | OK | |||
r-release-windows-x86_64 | 0.2.0 | 15.00 | 112.00 | 127.00 | OK | |
r-oldrel-macos-arm64 | 0.2.0 | 39.00 | OK | |||
r-oldrel-macos-x86_64 | 0.2.0 | 67.00 | OK | |||
r-oldrel-windows-x86_64 | 0.2.0 | 15.00 | 109.00 | 124.00 | OK |
Version: 0.2.0
Check: package dependencies
Result: NOTE
Imports includes 22 non-default packages.
Importing from so many packages makes the package vulnerable to any of
them becoming unavailable. Move as many as possible to Suggests and
use conditionally.
Flavor: r-devel-linux-x86_64-fedora-clang