CRAN Package Check Results for Package anomalize

Last updated on 2020-08-13 01:54:56 CEST.

Flavor Version Tinstall Tcheck Ttotal Status Flags
r-devel-linux-x86_64-debian-clang 0.2.1 0.67 2.77 3.44 ERROR
r-devel-linux-x86_64-debian-gcc 0.2.1 5.70 136.63 142.33 OK
r-devel-linux-x86_64-fedora-clang 0.2.1 223.04 OK
r-devel-linux-x86_64-fedora-gcc 0.2.1 215.79 OK
r-devel-windows-ix86+x86_64 0.2.1 33.00 256.00 289.00 OK
r-patched-linux-x86_64 0.2.1 5.15 175.63 180.78 OK
r-patched-solaris-x86 0.2.1 282.30 OK
r-release-linux-x86_64 0.2.1 0.55 2.74 3.29 ERROR
r-release-macos-x86_64 0.2.1 OK
r-release-windows-ix86+x86_64 0.2.1 31.00 261.00 292.00 OK
r-oldrel-macos-x86_64 0.2.1 OK
r-oldrel-windows-ix86+x86_64 0.2.1 11.00 181.00 192.00 OK

Check Details

Version: 0.2.1
Check: package dependencies
Result: ERROR
    Packages required but not available: 'timetk', 'sweep', 'tidyr'
    
    Packages suggested but not available for checking: 'tidyverse', 'tidyquant'
    
    See section 'The DESCRIPTION file' in the 'Writing R Extensions'
    manual.
Flavors: r-devel-linux-x86_64-debian-clang, r-release-linux-x86_64