Last updated on 2019-12-15 01:50:17 CET.
Flavor | Version | Tinstall | Tcheck | Ttotal | Status | Flags |
---|---|---|---|---|---|---|
r-devel-linux-x86_64-debian-clang | 2.0.2 | 45.38 | 84.79 | 130.17 | OK | |
r-devel-linux-x86_64-debian-gcc | 2.0.2 | 31.42 | 66.02 | 97.44 | OK | |
r-devel-linux-x86_64-fedora-clang | 2.0.2 | 166.18 | NOTE | |||
r-devel-linux-x86_64-fedora-gcc | 2.0.2 | 151.51 | OK | |||
r-devel-windows-ix86+x86_64 | 2.0.2 | 113.00 | 208.00 | 321.00 | NOTE | |
r-devel-windows-ix86+x86_64-gcc8 | 2.0.2 | 118.00 | 227.00 | 345.00 | NOTE | |
r-patched-linux-x86_64 | 2.0.2 | 32.47 | 76.03 | 108.50 | OK | |
r-patched-solaris-x86 | 2.0.2 | 190.40 | NOTE | |||
r-release-linux-x86_64 | 2.0.2 | 32.29 | 76.56 | 108.85 | OK | |
r-release-windows-ix86+x86_64 | 2.0.2 | 109.00 | 147.00 | 256.00 | NOTE | |
r-release-osx-x86_64 | 2.0.2 | NOTE | ||||
r-oldrel-windows-ix86+x86_64 | 2.0.2 | 110.00 | 150.00 | 260.00 | NOTE | |
r-oldrel-osx-x86_64 | 2.0.2 | NOTE |
Version: 2.0.2
Check: installed package size
Result: NOTE
installed size is 6.4Mb
sub-directories of 1Mb or more:
data 4.2Mb
libs 1.8Mb
Flavors: r-devel-linux-x86_64-fedora-clang, r-devel-windows-ix86+x86_64, r-devel-windows-ix86+x86_64-gcc8, r-patched-solaris-x86, r-release-windows-ix86+x86_64, r-release-osx-x86_64, r-oldrel-windows-ix86+x86_64, r-oldrel-osx-x86_64