CRAN Package Check Results for Package anomaly

Last updated on 2020-07-15 01:48:14 CEST.

Flavor Version Tinstall Tcheck Ttotal Status Flags
r-devel-linux-x86_64-debian-clang 3.0.1 66.39 91.13 157.52 OK
r-devel-linux-x86_64-debian-gcc 3.0.1 49.00 68.82 117.82 OK
r-devel-linux-x86_64-fedora-clang 3.0.1 239.47 NOTE
r-devel-linux-x86_64-fedora-gcc 3.0.1 192.82 OK
r-devel-windows-ix86+x86_64 3.0.1 228.00 239.00 467.00 NOTE
r-patched-linux-x86_64 3.0.1 48.20 88.31 136.51 OK
r-patched-solaris-x86 3.0.1 230.10 NOTE
r-release-linux-x86_64 3.0.1 49.64 89.64 139.28 OK
r-release-macos-x86_64 3.0.1 ERROR
r-release-windows-ix86+x86_64 3.0.1 213.00 214.00 427.00 NOTE
r-oldrel-macos-x86_64 3.0.1 NOTE
r-oldrel-windows-ix86+x86_64 3.0.1 229.00 216.00 445.00 NOTE

Additional issues

rchk

Check Details

Version: 3.0.1
Check: installed package size
Result: NOTE
     installed size is 7.3Mb
     sub-directories of 1Mb or more:
     data 4.1Mb
     libs 2.7Mb
Flavors: r-devel-linux-x86_64-fedora-clang, r-devel-windows-ix86+x86_64, r-patched-solaris-x86, r-release-windows-ix86+x86_64, r-oldrel-macos-x86_64, r-oldrel-windows-ix86+x86_64

Version: 3.0.1
Check: whether package can be installed
Result: ERROR
    Installation failed.
Flavor: r-release-macos-x86_64