CRAN Package Check Results for Package apex

Last updated on 2023-02-07 00:54:08 CET.

Flavor Version Tinstall Tcheck Ttotal Status Flags
r-devel-linux-x86_64-debian-clang 1.0.4 20.25 162.72 182.97 NOTE
r-devel-linux-x86_64-debian-gcc 1.0.4 16.59 119.14 135.73 NOTE
r-devel-linux-x86_64-fedora-clang 1.0.4 241.93 NOTE
r-devel-linux-x86_64-fedora-gcc 1.0.4 242.06 NOTE
r-devel-windows-x86_64 1.0.4 38.00 186.00 224.00 NOTE
r-patched-linux-x86_64 1.0.4 21.70 153.84 175.54 NOTE
r-release-linux-x86_64 1.0.4 19.11 157.55 176.66 NOTE
r-release-macos-arm64 1.0.4 57.00 NOTE
r-release-macos-x86_64 1.0.4 89.00 NOTE
r-release-windows-x86_64 1.0.4 39.00 207.00 246.00 NOTE
r-oldrel-macos-arm64 1.0.4 91.00 NOTE
r-oldrel-macos-x86_64 1.0.4 154.00 NOTE
r-oldrel-windows-ix86+x86_64 1.0.4 42.00 193.00 235.00 NOTE

Check Details

Version: 1.0.4
Check: LazyData
Result: NOTE
     'LazyData' is specified without a 'data' directory
Flavors: r-devel-linux-x86_64-debian-clang, r-devel-linux-x86_64-debian-gcc, r-devel-linux-x86_64-fedora-clang, r-devel-linux-x86_64-fedora-gcc, r-devel-windows-x86_64, r-patched-linux-x86_64, r-release-linux-x86_64, r-release-macos-arm64, r-release-macos-x86_64, r-release-windows-x86_64, r-oldrel-macos-arm64, r-oldrel-macos-x86_64, r-oldrel-windows-ix86+x86_64