Last updated on 2023-09-24 08:58:12 CEST.
Flavor | Version | Tinstall | Tcheck | Ttotal | Status | Flags |
---|---|---|---|---|---|---|
r-devel-linux-x86_64-debian-clang | 1.3.5 | 61.68 | 111.12 | 172.80 | NOTE | |
r-devel-linux-x86_64-debian-gcc | 1.3.5 | 41.82 | 82.43 | 124.25 | NOTE | |
r-devel-linux-x86_64-fedora-clang | 1.3.5 | 220.58 | NOTE | |||
r-devel-linux-x86_64-fedora-gcc | 1.3.5 | 238.31 | NOTE | |||
r-devel-windows-x86_64 | 1.3.5 | 44.00 | 115.00 | 159.00 | NOTE | |
r-patched-linux-x86_64 | 1.3.5 | 55.54 | 105.28 | 160.82 | NOTE | |
r-release-linux-x86_64 | 1.3.5 | 58.30 | 106.12 | 164.42 | NOTE | |
r-release-macos-arm64 | 1.3.5 | 63.00 | NOTE | |||
r-release-macos-x86_64 | 1.3.5 | 112.00 | NOTE | |||
r-release-windows-x86_64 | 1.3.5 | 58.00 | 137.00 | 195.00 | NOTE | |
r-oldrel-macos-arm64 | 1.3.5 | 67.00 | OK | |||
r-oldrel-macos-x86_64 | 1.3.5 | 75.00 | OK | |||
r-oldrel-windows-x86_64 | 1.3.5 | 53.00 | 133.00 | 186.00 | OK |
Version: 1.3.5
Check: C++ specification
Result: NOTE
Specified C++11: please drop specification unless essential
Flavors: r-devel-linux-x86_64-debian-clang, r-devel-linux-x86_64-debian-gcc, r-devel-linux-x86_64-fedora-clang, r-devel-linux-x86_64-fedora-gcc, r-devel-windows-x86_64, r-patched-linux-x86_64, r-release-linux-x86_64, r-release-macos-arm64, r-release-macos-x86_64, r-release-windows-x86_64