CRAN Package Check Results for Package aplore3

Last updated on 2024-07-12 06:53:00 CEST.

Flavor Version Tinstall Tcheck Ttotal Status Flags
r-devel-linux-x86_64-debian-clang 0.9 2.27 40.62 42.89 OK
r-devel-linux-x86_64-debian-gcc 0.9 1.90 31.41 33.31 OK
r-devel-linux-x86_64-fedora-clang 0.9 55.95 OK
r-devel-linux-x86_64-fedora-gcc 0.9 64.85 OK
r-devel-windows-x86_64 0.9 4.00 66.00 70.00 OK
r-patched-linux-x86_64 0.9 2.49 39.14 41.63 OK
r-release-linux-x86_64 0.9 2.09 39.13 41.22 OK
r-release-macos-arm64 0.9 26.00 OK
r-release-macos-x86_64 0.9 40.00 WARN
r-release-windows-x86_64 0.9 3.00 66.00 69.00 OK
r-oldrel-macos-arm64 0.9 28.00 OK
r-oldrel-macos-x86_64 0.9 40.00 OK
r-oldrel-windows-x86_64 0.9 4.00 66.00 70.00 OK

Check Details

Version: 0.9
Check: re-building of vignette outputs
Result: WARN Error(s) in re-building vignettes: ... --- re-building ‘aplore3-examples.Rnw’ using knitr Error: processing vignette 'aplore3-examples.Rnw' failed with diagnostics: Running 'texi2dvi' on 'aplore3-examples.tex' failed. LaTeX errors: ! Undefined control sequence. l.79 \hlkwd{example}\hldef {(aps)} ? ! Emergency stop. ! Emergency stop. l.79 End of file on the terminal! ! ==> Fatal error occurred, no output PDF file produced! --- failed re-building ‘aplore3-examples.Rnw’ SUMMARY: processing the following file failed: ‘aplore3-examples.Rnw’ Error: Vignette re-building failed. Execution halted Flavor: r-release-macos-x86_64