CRAN Package Check Results for Package apollo

Last updated on 2020-08-09 01:48:19 CEST.

Flavor Version Tinstall Tcheck Ttotal Status Flags
r-devel-linux-x86_64-debian-clang 0.1.0 64.23 151.29 215.52 NOTE
r-devel-linux-x86_64-debian-gcc 0.1.0 47.83 116.10 163.93 NOTE
r-devel-linux-x86_64-fedora-clang 0.1.0 269.12 OK
r-devel-linux-x86_64-fedora-gcc 0.1.0 258.94 OK
r-devel-windows-ix86+x86_64 0.1.0 116.00 238.00 354.00 OK
r-patched-linux-x86_64 0.1.0 52.35 151.13 203.48 NOTE
r-patched-solaris-x86 0.1.0 341.40 OK
r-release-linux-x86_64 0.1.0 53.25 150.60 203.85 NOTE
r-release-macos-x86_64 0.1.0 OK
r-release-windows-ix86+x86_64 0.1.0 157.00 259.00 416.00 OK
r-oldrel-macos-x86_64 0.1.0 OK
r-oldrel-windows-ix86+x86_64 0.1.0 94.00 158.00 252.00 OK

Check Details

Version: 0.1.0
Check: R code for possible problems
Result: NOTE
    Found the following calls to attach():
    File 'apollo/R/apollo_attach.R':
     attach(as.list(apollo_beta))
     attach(database)
     attach(draws)
     attach(randcoeff)
     attach(lcpars)
    See section 'Good practice' in '?attach'.
Flavors: r-devel-linux-x86_64-debian-clang, r-devel-linux-x86_64-debian-gcc, r-patched-linux-x86_64, r-release-linux-x86_64