Last updated on 2025-06-14 08:49:24 CEST.
Flavor | Version | Tinstall | Tcheck | Ttotal | Status | Flags |
---|---|---|---|---|---|---|
r-devel-linux-x86_64-debian-clang | 2.8.235 | 24.54 | 211.29 | 235.83 | OK | |
r-devel-linux-x86_64-debian-gcc | 2.8.235 | 16.06 | 148.55 | 164.61 | OK | |
r-devel-linux-x86_64-fedora-clang | 2.8.235 | 395.20 | OK | |||
r-devel-linux-x86_64-fedora-gcc | 2.8.235 | 384.90 | OK | |||
r-devel-windows-x86_64 | 2.8.235 | 27.00 | 215.00 | 242.00 | OK | |
r-patched-linux-x86_64 | 2.8.235 | 25.73 | 200.92 | 226.65 | OK | |
r-release-linux-x86_64 | 2.8.235 | 23.06 | 200.81 | 223.87 | OK | |
r-release-macos-arm64 | 2.8.235 | 145.00 | OK | |||
r-release-macos-x86_64 | 2.8.235 | 241.00 | OK | |||
r-release-windows-x86_64 | 2.8.235 | 26.00 | 215.00 | 241.00 | OK | |
r-oldrel-macos-arm64 | 2.8.235 | 110.00 | NOTE | |||
r-oldrel-macos-x86_64 | 2.8.235 | 266.00 | NOTE | |||
r-oldrel-windows-x86_64 | 2.8.235 | 35.00 | 273.00 | 308.00 | NOTE |
Version: 2.8.235
Check: installed package size
Result: NOTE
installed size is 7.0Mb
sub-directories of 1Mb or more:
extdata 5.3Mb
Flavors: r-oldrel-macos-arm64, r-oldrel-macos-x86_64, r-oldrel-windows-x86_64