Last updated on 2023-06-07 06:57:41 CEST.
Flavor | Version | Tinstall | Tcheck | Ttotal | Status | Flags |
---|---|---|---|---|---|---|
r-devel-linux-x86_64-debian-clang | 1.2-1 | 1.74 | 39.07 | 40.81 | OK | |
r-devel-linux-x86_64-debian-gcc | 1.2-1 | 1.36 | 30.22 | 31.58 | OK | |
r-devel-linux-x86_64-fedora-clang | 1.2-1 | 51.62 | NOTE | |||
r-devel-linux-x86_64-fedora-gcc | 1.2-1 | 50.12 | NOTE | |||
r-devel-windows-x86_64 | 1.2-1 | 6.00 | 69.00 | 75.00 | OK | |
r-patched-linux-x86_64 | 1.2-1 | 2.91 | 37.32 | 40.23 | OK | |
r-release-linux-x86_64 | 1.2-1 | 1.89 | 37.56 | 39.45 | OK | |
r-release-macos-arm64 | 1.2-1 | 23.00 | OK | |||
r-release-macos-x86_64 | 1.2-1 | 33.00 | OK | |||
r-release-windows-x86_64 | 1.2-1 | 5.00 | 73.00 | 78.00 | OK | |
r-oldrel-macos-arm64 | 1.2-1 | 23.00 | OK | |||
r-oldrel-macos-x86_64 | 1.2-1 | 34.00 | NOTE | |||
r-oldrel-windows-x86_64 | 1.2-1 | 6.00 | 73.00 | 79.00 | OK |
Version: 1.2-1
Check: data for non-ASCII characters
Result: NOTE
Note: found 76 marked Latin-1 strings
Flavors: r-devel-linux-x86_64-fedora-clang, r-devel-linux-x86_64-fedora-gcc, r-oldrel-macos-x86_64