CRAN Package Check Results for Package archivist

Last updated on 2020-07-04 02:11:59 CEST.

Flavor Version Tinstall Tcheck Ttotal Status Flags
r-devel-linux-x86_64-debian-clang 2.3.4 10.44 70.31 80.75 OK
r-devel-linux-x86_64-debian-gcc 2.3.4 7.36 54.58 61.94 OK
r-devel-linux-x86_64-fedora-clang 2.3.4 102.06 NOTE
r-devel-linux-x86_64-fedora-gcc 2.3.4 92.94 OK
r-devel-windows-ix86+x86_64 2.3.4 25.00 132.00 157.00 OK
r-patched-linux-x86_64 2.3.4 9.03 69.94 78.97 OK
r-patched-solaris-x86 2.3.4 131.40 OK
r-release-linux-x86_64 2.3.4 9.44 69.19 78.63 OK
r-release-osx-x86_64 2.3.4 OK
r-release-windows-ix86+x86_64 2.3.4 17.00 90.00 107.00 OK
r-oldrel-osx-x86_64 2.3.4 OK
r-oldrel-windows-ix86+x86_64 2.3.4 26.00 130.00 156.00 OK

Check Details

Version: 2.3.4
Check: Rd cross-references
Result: NOTE
    Undeclared package ‘rmarkdown’ in Rd xrefs
Flavor: r-devel-linux-x86_64-fedora-clang