CRAN Package Check Results for Package areal

Last updated on 2021-09-22 01:48:28 CEST.

Flavor Version Tinstall Tcheck Ttotal Status Flags
r-devel-linux-x86_64-debian-clang 0.1.7 7.08 110.56 117.64 OK
r-devel-linux-x86_64-debian-gcc 0.1.7 5.74 82.94 88.68 OK
r-devel-linux-x86_64-fedora-clang 0.1.7 171.77 OK
r-devel-linux-x86_64-fedora-gcc 0.1.7 159.30 OK
r-devel-windows-x86_64 0.1.7 9.00 109.00 118.00 OK
r-devel-windows-x86_64-gcc10-UCRT 0.1.7 ERROR
r-patched-linux-x86_64 0.1.7 7.67 109.04 116.71 OK
r-patched-solaris-x86 0.1.7 206.10 OK
r-release-linux-x86_64 0.1.7 6.59 107.98 114.57 OK
r-release-macos-arm64 0.1.7 OK
r-release-macos-x86_64 0.1.7 OK
r-release-windows-ix86+x86_64 0.1.7 16.00 150.00 166.00 OK
r-oldrel-macos-x86_64 0.1.7 OK
r-oldrel-windows-ix86+x86_64 0.1.7 17.00 153.00 170.00 OK

Check Details

Version: 0.1.7
Check: whether package can be installed
Result: WARN
    Found the following significant warnings:
     WARNING: installation-time patches will not be applied, could not get the patches index
Flavor: r-devel-windows-x86_64-gcc10-UCRT

Version: 0.1.7
Check: PDF version of manual
Result: WARN
    LaTeX errors when creating PDF version.
    This typically indicates Rd problems.
Flavor: r-devel-windows-x86_64-gcc10-UCRT

Version: 0.1.7
Check: PDF version of manual without hyperrefs or index
Result: ERROR
    Re-running with no redirection of stdout/stderr.
Flavor: r-devel-windows-x86_64-gcc10-UCRT